Last updated on 2022-08-15 08:49:51 CEST.
Flavor | Version | Tinstall | Tcheck | Ttotal | Status | Flags |
---|---|---|---|---|---|---|
r-devel-linux-x86_64-debian-clang | 0.1.5 | 9.14 | 82.41 | 91.55 | NOTE | |
r-devel-linux-x86_64-debian-gcc | 0.1.5 | 7.35 | 61.44 | 68.79 | NOTE | |
r-devel-linux-x86_64-fedora-clang | 0.1.5 | 117.13 | NOTE | |||
r-devel-linux-x86_64-fedora-gcc | 0.1.5 | 123.58 | NOTE | |||
r-devel-windows-x86_64 | 0.1.5 | 26.00 | 110.00 | 136.00 | NOTE | |
r-patched-linux-x86_64 | 0.1.5 | 6.55 | 78.10 | 84.65 | NOTE | |
r-release-linux-x86_64 | 0.1.5 | 6.52 | 77.56 | 84.08 | NOTE | |
r-release-macos-arm64 | 0.1.5 | 43.00 | NOTE | |||
r-release-macos-x86_64 | 0.1.5 | 66.00 | NOTE | |||
r-release-windows-x86_64 | 0.1.5 | 41.00 | 112.00 | 153.00 | NOTE | |
r-oldrel-macos-arm64 | 0.1.5 | 39.00 | NOTE | |||
r-oldrel-macos-x86_64 | 0.1.5 | 64.00 | NOTE | |||
r-oldrel-windows-ix86+x86_64 | 0.1.5 | 26.00 | 113.00 | 139.00 | NOTE |
Version: 0.1.5
Check: LazyData
Result: NOTE
'LazyData' is specified without a 'data' directory
Flavors: r-devel-linux-x86_64-debian-clang, r-devel-linux-x86_64-debian-gcc, r-devel-linux-x86_64-fedora-clang, r-devel-linux-x86_64-fedora-gcc, r-devel-windows-x86_64, r-patched-linux-x86_64, r-release-linux-x86_64, r-release-macos-arm64, r-release-macos-x86_64, r-release-windows-x86_64, r-oldrel-macos-arm64, r-oldrel-macos-x86_64, r-oldrel-windows-ix86+x86_64
Version: 0.1.5
Check: dependencies in R code
Result: NOTE
Namespaces in Imports field not imported from:
‘shinytest’ ‘testthat’
All declared Imports should be used.
Flavors: r-devel-linux-x86_64-fedora-clang, r-devel-linux-x86_64-fedora-gcc, r-release-macos-arm64, r-release-macos-x86_64, r-oldrel-macos-arm64, r-oldrel-macos-x86_64