Last updated on 2022-08-15 08:49:51 CEST.
Flavor | Version | Tinstall | Tcheck | Ttotal | Status | Flags |
---|---|---|---|---|---|---|
r-devel-linux-x86_64-debian-clang | 0.2.3 | 2.12 | 32.70 | 34.82 | NOTE | |
r-devel-linux-x86_64-debian-gcc | 0.2.3 | 1.70 | 24.75 | 26.45 | NOTE | |
r-devel-linux-x86_64-fedora-clang | 0.2.3 | 52.92 | NOTE | |||
r-devel-linux-x86_64-fedora-gcc | 0.2.3 | 52.29 | NOTE | |||
r-devel-windows-x86_64 | 0.2.3 | 23.00 | 60.00 | 83.00 | NOTE | |
r-patched-linux-x86_64 | 0.2.3 | 2.28 | 32.04 | 34.32 | NOTE | |
r-release-linux-x86_64 | 0.2.3 | 2.20 | 32.23 | 34.43 | NOTE | |
r-release-macos-arm64 | 0.2.3 | 17.00 | NOTE | |||
r-release-macos-x86_64 | 0.2.3 | 26.00 | NOTE | |||
r-release-windows-x86_64 | 0.2.3 | 27.00 | 58.00 | 85.00 | NOTE | |
r-oldrel-macos-arm64 | 0.2.3 | 25.00 | NOTE | |||
r-oldrel-macos-x86_64 | 0.2.3 | 32.00 | NOTE | |||
r-oldrel-windows-ix86+x86_64 | 0.2.3 | 5.00 | 55.00 | 60.00 | NOTE |
Version: 0.2.3
Check: LazyData
Result: NOTE
'LazyData' is specified without a 'data' directory
Flavors: r-devel-linux-x86_64-debian-clang, r-devel-linux-x86_64-debian-gcc, r-devel-linux-x86_64-fedora-clang, r-devel-linux-x86_64-fedora-gcc, r-devel-windows-x86_64, r-patched-linux-x86_64, r-release-linux-x86_64, r-release-macos-arm64, r-release-macos-x86_64, r-release-windows-x86_64, r-oldrel-macos-arm64, r-oldrel-macos-x86_64, r-oldrel-windows-ix86+x86_64