Last updated on 2022-08-15 08:49:51 CEST.
Flavor | Version | Tinstall | Tcheck | Ttotal | Status | Flags |
---|---|---|---|---|---|---|
r-devel-linux-x86_64-debian-clang | 4.7.6 | 11.98 | 464.69 | 476.67 | NOTE | |
r-devel-linux-x86_64-debian-gcc | 4.7.6 | 7.47 | 338.71 | 346.18 | NOTE | |
r-devel-linux-x86_64-fedora-clang | 4.7.6 | 555.81 | NOTE | |||
r-devel-linux-x86_64-fedora-gcc | 4.7.6 | 550.37 | NOTE | |||
r-devel-windows-x86_64 | 4.7.6 | 26.00 | 486.00 | 512.00 | NOTE | |
r-patched-linux-x86_64 | 4.7.6 | 16.65 | 430.30 | 446.95 | OK | |
r-release-linux-x86_64 | 4.7.6 | 7.27 | 438.47 | 445.74 | OK | |
r-release-macos-arm64 | 4.7.6 | 183.00 | OK | |||
r-release-macos-x86_64 | 4.7.6 | 413.00 | OK | |||
r-release-windows-x86_64 | 4.7.6 | 28.00 | 476.00 | 504.00 | OK | |
r-oldrel-macos-arm64 | 4.7.6 | 309.00 | OK | |||
r-oldrel-macos-x86_64 | 4.7.6 | 275.00 | OK | |||
r-oldrel-windows-ix86+x86_64 | 4.7.6 | 25.00 | 731.00 | 756.00 | OK |
Version: 4.7.6
Check: Rd files
Result: NOTE
checkRd: (-1) Glendalough.Rd:19: Escaped LaTeX specials: \&
checkRd: (-1) Sluggan.Rd:19: Escaped LaTeX specials: \&
Flavors: r-devel-linux-x86_64-debian-clang, r-devel-linux-x86_64-debian-gcc, r-devel-linux-x86_64-fedora-clang, r-devel-linux-x86_64-fedora-gcc, r-devel-windows-x86_64