Last updated on 2022-08-15 08:49:51 CEST.
Flavor | Version | Tinstall | Tcheck | Ttotal | Status | Flags |
---|---|---|---|---|---|---|
r-devel-linux-x86_64-debian-clang | 2.0.3 | 102.83 | 98.39 | 201.22 | OK | |
r-devel-linux-x86_64-debian-gcc | 2.0.3 | 82.47 | 80.08 | 162.55 | OK | |
r-devel-linux-x86_64-fedora-clang | 2.0.3 | 244.90 | OK | |||
r-devel-linux-x86_64-fedora-gcc | 2.0.3 | 273.45 | OK | |||
r-devel-windows-x86_64 | 2.0.3 | 78.00 | 149.00 | 227.00 | OK | |
r-patched-linux-x86_64 | 2.0.3 | 100.85 | 99.07 | 199.92 | OK | |
r-release-linux-x86_64 | 2.0.3 | 95.18 | 98.86 | 194.04 | OK | |
r-release-macos-arm64 | 2.0.3 | 73.00 | NOTE | |||
r-release-macos-x86_64 | 2.0.3 | 90.00 | NOTE | |||
r-release-windows-x86_64 | 2.0.3 | 73.00 | 147.00 | 220.00 | OK | |
r-oldrel-macos-arm64 | 2.0.3 | 86.00 | NOTE | |||
r-oldrel-macos-x86_64 | 2.0.3 | 124.00 | NOTE | |||
r-oldrel-windows-ix86+x86_64 | 2.0.3 | 218.00 | 188.00 | 406.00 | OK |
Version: 2.0.3
Check: installed package size
Result: NOTE
installed size is 27.9Mb
sub-directories of 1Mb or more:
libs 26.9Mb
Flavors: r-release-macos-arm64, r-release-macos-x86_64, r-oldrel-macos-arm64, r-oldrel-macos-x86_64