Last updated on 2022-08-15 08:49:51 CEST.
Flavor | Version | Tinstall | Tcheck | Ttotal | Status | Flags |
---|---|---|---|---|---|---|
r-devel-linux-x86_64-debian-clang | 1.10.6 | 4.14 | 41.57 | 45.71 | NOTE | |
r-devel-linux-x86_64-debian-gcc | 1.10.6 | 3.32 | 31.74 | 35.06 | NOTE | |
r-devel-linux-x86_64-fedora-clang | 1.10.6 | 62.35 | NOTE | |||
r-devel-linux-x86_64-fedora-gcc | 1.10.6 | 65.74 | NOTE | |||
r-devel-windows-x86_64 | 1.10.6 | 13.00 | 64.00 | 77.00 | NOTE | |
r-patched-linux-x86_64 | 1.10.6 | 4.76 | 40.39 | 45.15 | NOTE | |
r-release-linux-x86_64 | 1.10.6 | 3.94 | 39.76 | 43.70 | NOTE | |
r-release-macos-arm64 | 1.10.6 | 24.00 | NOTE | |||
r-release-macos-x86_64 | 1.10.6 | 33.00 | NOTE | |||
r-release-windows-x86_64 | 1.10.6 | 14.00 | 66.00 | 80.00 | NOTE | |
r-oldrel-macos-arm64 | 1.10.6 | 29.00 | NOTE | |||
r-oldrel-macos-x86_64 | 1.10.6 | 44.00 | NOTE | |||
r-oldrel-windows-ix86+x86_64 | 1.10.6 | 10.00 | 61.00 | 71.00 | NOTE |
Version: 1.10.6
Check: LazyData
Result: NOTE
'LazyData' is specified without a 'data' directory
Flavors: r-devel-linux-x86_64-debian-clang, r-devel-linux-x86_64-debian-gcc, r-devel-linux-x86_64-fedora-clang, r-devel-linux-x86_64-fedora-gcc, r-devel-windows-x86_64, r-patched-linux-x86_64, r-release-linux-x86_64, r-release-macos-arm64, r-release-macos-x86_64, r-release-windows-x86_64, r-oldrel-macos-arm64, r-oldrel-macos-x86_64, r-oldrel-windows-ix86+x86_64
Version: 1.10.6
Check: installed package size
Result: NOTE
installed size is 7.8Mb
sub-directories of 1Mb or more:
java 7.7Mb
Flavors: r-devel-linux-x86_64-fedora-clang, r-devel-windows-x86_64, r-release-macos-arm64, r-release-macos-x86_64, r-release-windows-x86_64, r-oldrel-macos-arm64, r-oldrel-macos-x86_64, r-oldrel-windows-ix86+x86_64