Last updated on 2022-08-15 08:49:51 CEST.
Flavor | Version | Tinstall | Tcheck | Ttotal | Status | Flags |
---|---|---|---|---|---|---|
r-devel-linux-x86_64-debian-clang | 1.1-1 | 2.66 | 71.23 | 73.89 | NOTE | |
r-devel-linux-x86_64-debian-gcc | 1.1-1 | 1.90 | 51.77 | 53.67 | NOTE | |
r-devel-linux-x86_64-fedora-clang | 1.1-1 | 97.71 | NOTE | |||
r-devel-linux-x86_64-fedora-gcc | 1.1-1 | 98.06 | NOTE | |||
r-devel-windows-x86_64 | 1.1-1 | 13.00 | 95.00 | 108.00 | NOTE | |
r-patched-linux-x86_64 | 1.1-1 | 2.73 | 69.17 | 71.90 | NOTE | |
r-release-linux-x86_64 | 1.1-1 | 2.15 | 68.15 | 70.30 | NOTE | |
r-release-macos-arm64 | 1.1-1 | 29.00 | NOTE | |||
r-release-macos-x86_64 | 1.1-1 | 57.00 | NOTE | |||
r-release-windows-x86_64 | 1.1-1 | 14.00 | 93.00 | 107.00 | NOTE | |
r-oldrel-macos-arm64 | 1.1-1 | 36.00 | NOTE | |||
r-oldrel-macos-x86_64 | 1.1-1 | 56.00 | NOTE | |||
r-oldrel-windows-ix86+x86_64 | 1.1-1 | 7.00 | 95.00 | 102.00 | NOTE |
Version: 1.1-1
Check: LazyData
Result: NOTE
'LazyData' is specified without a 'data' directory
Flavors: r-devel-linux-x86_64-debian-clang, r-devel-linux-x86_64-debian-gcc, r-devel-linux-x86_64-fedora-clang, r-devel-linux-x86_64-fedora-gcc, r-devel-windows-x86_64, r-patched-linux-x86_64, r-release-linux-x86_64, r-release-macos-arm64, r-release-macos-x86_64, r-release-windows-x86_64, r-oldrel-macos-arm64, r-oldrel-macos-x86_64, r-oldrel-windows-ix86+x86_64