Last updated on 2022-08-15 08:49:51 CEST.
Flavor | Version | Tinstall | Tcheck | Ttotal | Status | Flags |
---|---|---|---|---|---|---|
r-devel-linux-x86_64-debian-clang | 0.1.1 | 2.43 | 71.37 | 73.80 | NOTE | |
r-devel-linux-x86_64-debian-gcc | 0.1.1 | 2.30 | 48.91 | 51.21 | NOTE | |
r-devel-linux-x86_64-fedora-clang | 0.1.1 | 100.58 | NOTE | |||
r-devel-linux-x86_64-fedora-gcc | 0.1.1 | 101.45 | NOTE | |||
r-devel-windows-x86_64 | 0.1.1 | 29.00 | 92.00 | 121.00 | OK | |
r-patched-linux-x86_64 | 0.1.1 | 2.72 | 65.02 | 67.74 | OK | |
r-release-linux-x86_64 | 0.1.1 | 2.95 | 64.20 | 67.15 | OK | |
r-release-macos-arm64 | 0.1.1 | 44.00 | OK | |||
r-release-macos-x86_64 | 0.1.1 | 36.00 | OK | |||
r-release-windows-x86_64 | 0.1.1 | 41.00 | 91.00 | 132.00 | OK | |
r-oldrel-macos-arm64 | 0.1.1 | 80.00 | OK | |||
r-oldrel-macos-x86_64 | 0.1.1 | 57.00 | OK | |||
r-oldrel-windows-ix86+x86_64 | 0.1.1 | 7.00 | 92.00 | 99.00 | OK |
Version: 0.1.1
Check: HTML version of manual
Result: NOTE
Found the following HTML validation problems:
CausalGraphInferMainFunc.html:101:38: Warning: <code> is probably intended as </code>
CausalGraphInferMainFunc.html:101:73: Warning: discarding unexpected </code>
CausalGraphInferMainFunc.html:101:86: Warning: discarding unexpected </code>
CausalGraphInferMainFunc.html:105:38: Warning: <code> is probably intended as </code>
CausalGraphInferMainFunc.html:105:73: Warning: discarding unexpected </code>
CausalGraphInferMainFunc.html:105:88: Warning: discarding unexpected </code>
CausalGraphInferMainFunc.html:109:38: Warning: <code> is probably intended as </code>
CausalGraphInferMainFunc.html:109:73: Warning: discarding unexpected </code>
CausalGraphInferMainFunc.html:109:88: Warning: discarding unexpected </code>
CausalGraphInferMainFunc.html:113:38: Warning: <code> is probably intended as </code>
CausalGraphInferMainFunc.html:113:73: Warning: discarding unexpected </code>
CausalGraphInferMainFunc.html:113:88: Warning: discarding unexpected </code>
CausalGraphInferMainFunc.html:137:38: Warning: <code> is probably intended as </code>
CausalGraphInferMainFunc.html:137:80: Warning: discarding unexpected </code>
CausalGraphInferMainFunc.html:137:102: Warning: discarding unexpected </code>
CausalGraphInferMainFunc.html:141:38: Warning: <code> is probably intended as </code>
CausalGraphInferMainFunc.html:141:80: Warning: discarding unexpected </code>
CausalGraphInferMainFunc.html:141:99: Warning: discarding unexpected </code>
CausalGraphInferMainFunc.html:145:38: Warning: <code> is probably intended as </code>
CausalGraphInferMainFunc.html:145:80: Warning: discarding unexpected </code>
CausalGraphInferMainFunc.html:145:96: Warning: discarding unexpected </code>
CausalGraphInferMainFunc.html:149:38: Warning: <code> is probably intended as </code>
CausalGraphInferMainFunc.html:149:80: Warning: discarding unexpected </code>
CausalGraphInferMainFunc.html:149:96: Warning: discarding unexpected </code>
CausalGraphInferMainFunc.html:153:38: Warning: <code> is probably intended as </code>
CausalGraphInferMainFunc.html:153:80: Warning: discarding unexpected </code>
CausalGraphInferMainFunc.html:153:96: Warning: discarding unexpected </code>
CausalGraphInferMainFunc.html:157:38: Warning: <code> is probably intended as </code>
CausalGraphInferMainFunc.html:157:80: Warning: discarding unexpected </code>
CausalGraphInferMainFunc.html:157:92: Warning: discarding unexpected </code>
CausalGraphInferMainFunc.html:161:38: Warning: <code> is probably intended as </code>
CausalGraphInferMainFunc.html:161:80: Warning: discarding unexpected </code>
CausalGraphInferMainFunc.html:161:99: Warning: discarding unexpected </code>
CausalGraphInferMainFunc.html:165:38: Warning: <code> is probably intended as </code>
CausalGraphInferMainFunc.html:165:80: Warning: discarding unexpected </code>
CausalGraphInferMainFunc.html:165:96: Warning: discarding unexpected </code>
bSCMCausalGraphFunc.html:81:38: Warning: <code> is probably intended as </code>
bSCMCausalGraphFunc.html:81:69: Warning: discarding unexpected </code>
bSCMCausalGraphFunc.html:81:91: Warning: discarding unexpected </code>
bSCMCausalGraphFunc.html:85:38: Warning: <code> is probably intended as </code>
bSCMCausalGraphFunc.html:85:69: Warning: discarding unexpected </code>
bSCMCausalGraphFunc.html:85:88: Warning: discarding unexpected </code>
bSCMCausalGraphFunc.html:89:38: Warning: <code> is probably intended as </code>
bSCMCausalGraphFunc.html:89:69: Warning: discarding unexpected </code>
bSCMCausalGraphFunc.html:89:85: Warning: discarding unexpected </code>
bSCMCausalGraphFunc.html:93:38: Warning: <code> is probably intended as </code>
bSCMCausalGraphFunc.html:93:69: Warning: discarding unexpected </code>
bSCMCausalGraphFunc.html:93:85: Warning: discarding unexpected </code>
bSCMCausalGraphFunc.html:97:38: Warning: <code> is probably intended as </code>
bSCMCausalGraphFunc.html:97:69: Warning: discarding unexpected </code>
bSCMCausalGraphFunc.html:97:85: Warning: discarding unexpected </code>
bSCMCausalGraphFunc.html:101:38: Warning: <code> is probably intended as </code>
bSCMCausalGraphFunc.html:101:69: Warning: discarding unexpected </code>
bSCMCausalGraphFunc.html:101:81: Warning: discarding unexpected </code>
bSCMCausalGraphFunc.html:105:38: Warning: <code> is probably intended as </code>
bSCMCausalGraphFunc.html:105:69: Warning: discarding unexpected </code>
bSCMCausalGraphFunc.html:105:88: Warning: discarding unexpected </code>
bSCMCausalGraphFunc.html:109:38: Warning: <code> is probably intended as </code>
bSCMCausalGraphFunc.html:109:69: Warning: discarding unexpected </code>
bSCMCausalGraphFunc.html:109:85: Warning: discarding unexpected </code>
bSCMDepndentGraphFunc.html:87:38: Warning: <code> is probably intended as </code>
bSCMDepndentGraphFunc.html:87:66: Warning: discarding unexpected </code>
bSCMDepndentGraphFunc.html:87:79: Warning: discarding unexpected </code>
bSCMDepndentGraphFunc.html:91:38: Warning: <code> is probably intended as </code>
bSCMDepndentGraphFunc.html:91:66: Warning: discarding unexpected </code>
bSCMDepndentGraphFunc.html:91:81: Warning: discarding unexpected </code>
bSCMDepndentGraphFunc.html:95:38: Warning: <code> is probably intended as </code>
bSCMDepndentGraphFunc.html:95:66: Warning: discarding unexpected </code>
bSCMDepndentGraphFunc.html:95:81: Warning: discarding unexpected </code>
bSCMDepndentGraphFunc.html:99:38: Warning: <code> is probably intended as </code>
bSCMDepndentGraphFunc.html:99:66: Warning: discarding unexpected </code>
bSCMDepndentGraphFunc.html:99:81: Warning: discarding unexpected </code>
Flavors: r-devel-linux-x86_64-debian-clang, r-devel-linux-x86_64-debian-gcc, r-devel-linux-x86_64-fedora-clang, r-devel-linux-x86_64-fedora-gcc