Last updated on 2022-08-15 08:49:51 CEST.
Flavor | Version | Tinstall | Tcheck | Ttotal | Status | Flags |
---|---|---|---|---|---|---|
r-devel-linux-x86_64-debian-clang | 2.1.1 | 41.44 | 189.84 | 231.28 | OK | |
r-devel-linux-x86_64-debian-gcc | 2.1.1 | 32.19 | 141.74 | 173.93 | OK | |
r-devel-linux-x86_64-fedora-clang | 2.1.1 | 291.69 | NOTE | |||
r-devel-linux-x86_64-fedora-gcc | 2.1.1 | 289.83 | NOTE | |||
r-devel-windows-x86_64 | 2.1.1 | 77.00 | 215.00 | 292.00 | OK | |
r-patched-linux-x86_64 | 2.1.1 | 33.99 | 182.69 | 216.68 | OK | |
r-release-linux-x86_64 | 2.1.1 | 33.70 | 180.01 | 213.71 | OK | |
r-release-macos-arm64 | 2.1.1 | 69.00 | NOTE | |||
r-release-macos-x86_64 | 2.1.1 | 93.00 | NOTE | |||
r-release-windows-x86_64 | 2.1.1 | 67.00 | 212.00 | 279.00 | OK | |
r-oldrel-macos-arm64 | 2.1.1 | 65.00 | NOTE | |||
r-oldrel-macos-x86_64 | 2.1.1 | 91.00 | NOTE | |||
r-oldrel-windows-ix86+x86_64 | 2.1.1 | 86.00 | 272.00 | 358.00 | OK |
Version: 2.1.1
Check: dependencies in R code
Result: NOTE
Namespace in Imports field not imported from: ‘RBGL’
All declared Imports should be used.
Flavors: r-devel-linux-x86_64-fedora-clang, r-devel-linux-x86_64-fedora-gcc, r-release-macos-arm64, r-release-macos-x86_64, r-oldrel-macos-arm64, r-oldrel-macos-x86_64