Last updated on 2022-08-15 08:49:52 CEST.
Flavor | Version | Tinstall | Tcheck | Ttotal | Status | Flags |
---|---|---|---|---|---|---|
r-devel-linux-x86_64-debian-clang | 2.2 | 19.15 | 347.04 | 366.19 | OK | |
r-devel-linux-x86_64-debian-gcc | 2.2 | 17.23 | 206.50 | 223.73 | OK | |
r-devel-linux-x86_64-fedora-clang | 2.2 | 453.46 | OK | |||
r-devel-linux-x86_64-fedora-gcc | 2.2 | 357.93 | OK | |||
r-devel-windows-x86_64 | 2.2 | 9.00 | 8.00 | 17.00 | ERROR | |
r-patched-linux-x86_64 | 2.2 | 20.16 | 263.16 | 283.32 | OK | |
r-release-linux-x86_64 | 2.2 | 22.19 | 261.00 | 283.19 | OK | |
r-release-macos-arm64 | 2.2 | 168.00 | OK | |||
r-release-macos-x86_64 | 2.2 | 374.00 | OK | |||
r-release-windows-x86_64 | 2.2 | 26.00 | 303.00 | 329.00 | OK | |
r-oldrel-macos-arm64 | 2.2 | 209.00 | OK | |||
r-oldrel-macos-x86_64 | 2.2 | 349.00 | OK | |||
r-oldrel-windows-ix86+x86_64 | 2.2 | 45.00 | 294.00 | 339.00 | OK |
Version: 2.2
Check: whether package can be installed
Result: ERROR
Installation failed.
Flavor: r-devel-windows-x86_64