Last updated on 2022-08-15 08:49:51 CEST.
Flavor | Version | Tinstall | Tcheck | Ttotal | Status | Flags |
---|---|---|---|---|---|---|
r-devel-linux-x86_64-debian-clang | 1.07 | 9.55 | 26.63 | 36.18 | OK | |
r-devel-linux-x86_64-debian-gcc | 1.07 | 6.93 | 20.84 | 27.77 | OK | |
r-devel-linux-x86_64-fedora-clang | 1.07 | 55.45 | NOTE | |||
r-devel-linux-x86_64-fedora-gcc | 1.07 | 54.10 | NOTE | |||
r-devel-windows-x86_64 | 1.07 | 27.00 | 66.00 | 93.00 | OK | |
r-patched-linux-x86_64 | 1.07 | 7.80 | 25.36 | 33.16 | OK | |
r-release-linux-x86_64 | 1.07 | 7.78 | 25.64 | 33.42 | OK | |
r-release-macos-arm64 | 1.07 | 25.00 | OK | |||
r-release-macos-x86_64 | 1.07 | 28.00 | OK | |||
r-release-windows-x86_64 | 1.07 | 16.00 | 66.00 | 82.00 | OK | |
r-oldrel-macos-arm64 | 1.07 | 29.00 | OK | |||
r-oldrel-macos-x86_64 | 1.07 | 39.00 | OK | |||
r-oldrel-windows-ix86+x86_64 | 1.07 | 23.00 | 45.00 | 68.00 | OK |
Version: 1.07
Check: compiled code
Result: NOTE
File ‘BiasedUrn/libs/BiasedUrn.so’:
Found no calls to: ‘R_registerRoutines’, ‘R_useDynamicSymbols’
It is good practice to register native routines and to disable symbol
search.
See ‘Writing portable packages’ in the ‘Writing R Extensions’ manual.
Flavors: r-devel-linux-x86_64-fedora-clang, r-devel-linux-x86_64-fedora-gcc