Last updated on 2022-08-15 08:49:51 CEST.
Flavor | Version | Tinstall | Tcheck | Ttotal | Status | Flags |
---|---|---|---|---|---|---|
r-devel-linux-x86_64-debian-clang | 1.3 | 7.77 | 45.88 | 53.65 | OK | |
r-devel-linux-x86_64-debian-gcc | 1.3 | 7.42 | 35.63 | 43.05 | OK | |
r-devel-linux-x86_64-fedora-clang | 1.3 | 79.08 | NOTE | |||
r-devel-linux-x86_64-fedora-gcc | 1.3 | 79.82 | OK | |||
r-devel-windows-x86_64 | 1.3 | 32.00 | 95.00 | 127.00 | OK | |
r-patched-linux-x86_64 | 1.3 | 8.10 | 44.65 | 52.75 | OK | |
r-release-linux-x86_64 | 1.3 | 8.00 | 45.30 | 53.30 | OK | |
r-release-macos-arm64 | 1.3 | 29.00 | OK | |||
r-release-macos-x86_64 | 1.3 | 41.00 | OK | |||
r-release-windows-x86_64 | 1.3 | 20.00 | 96.00 | 116.00 | OK | |
r-oldrel-macos-arm64 | 1.3 | 34.00 | OK | |||
r-oldrel-macos-x86_64 | 1.3 | 53.00 | OK | |||
r-oldrel-windows-ix86+x86_64 | 1.3 | 25.00 | 86.00 | 111.00 | OK |
Version: 1.3
Check: Rd cross-references
Result: NOTE
Undeclared package ‘BoolNet’ in Rd xrefs
Flavor: r-devel-linux-x86_64-fedora-clang