Last updated on 2022-08-15 08:49:51 CEST.
Flavor | Version | Tinstall | Tcheck | Ttotal | Status | Flags |
---|---|---|---|---|---|---|
r-devel-linux-x86_64-debian-clang | 1.0.0 | 45.12 | 103.59 | 148.71 | NOTE | |
r-devel-linux-x86_64-debian-gcc | 1.0.0 | 35.25 | 78.53 | 113.78 | NOTE | |
r-devel-linux-x86_64-fedora-clang | 1.0.0 | 201.96 | NOTE | |||
r-devel-linux-x86_64-fedora-gcc | 1.0.0 | 196.42 | NOTE | |||
r-devel-windows-x86_64 | 1.0.0 | 90.00 | 159.00 | 249.00 | NOTE | |
r-patched-linux-x86_64 | 1.0.0 | 37.90 | 99.44 | 137.34 | NOTE | |
r-release-linux-x86_64 | 1.0.0 | 41.86 | 99.56 | 141.42 | NOTE | |
r-release-macos-arm64 | 1.0.0 | 54.00 | NOTE | |||
r-release-macos-x86_64 | 1.0.0 | 98.00 | NOTE | |||
r-release-windows-x86_64 | 1.0.0 | 70.00 | 159.00 | 229.00 | NOTE | |
r-oldrel-macos-arm64 | 1.0.0 | 68.00 | NOTE | |||
r-oldrel-macos-x86_64 | 1.0.0 | 127.00 | NOTE | |||
r-oldrel-windows-ix86+x86_64 | 1.0.0 | 107.00 | 182.00 | 289.00 | NOTE |
Version: 1.0.0
Check: LazyData
Result: NOTE
'LazyData' is specified without a 'data' directory
Flavors: r-devel-linux-x86_64-debian-clang, r-devel-linux-x86_64-debian-gcc, r-devel-linux-x86_64-fedora-clang, r-devel-linux-x86_64-fedora-gcc, r-devel-windows-x86_64, r-patched-linux-x86_64, r-release-linux-x86_64, r-release-macos-arm64, r-release-macos-x86_64, r-release-windows-x86_64, r-oldrel-macos-arm64, r-oldrel-macos-x86_64, r-oldrel-windows-ix86+x86_64