Last updated on 2022-08-15 08:49:51 CEST.
Flavor | Version | Tinstall | Tcheck | Ttotal | Status | Flags |
---|---|---|---|---|---|---|
r-devel-linux-x86_64-debian-clang | 1.1.0 | 3.67 | 36.88 | 40.55 | OK | |
r-devel-linux-x86_64-debian-gcc | 1.1.0 | 2.80 | 27.89 | 30.69 | OK | |
r-devel-linux-x86_64-fedora-clang | 1.1.0 | 59.34 | OK | |||
r-devel-linux-x86_64-fedora-gcc | 1.1.0 | 59.46 | OK | |||
r-devel-windows-x86_64 | 1.1.0 | 15.00 | 64.00 | 79.00 | OK | |
r-patched-linux-x86_64 | 1.1.0 | 3.25 | 35.48 | 38.73 | OK | |
r-release-linux-x86_64 | 1.1.0 | 3.33 | 35.62 | 38.95 | OK | |
r-release-macos-arm64 | 1.1.0 | 21.00 | OK | |||
r-release-macos-x86_64 | 1.1.0 | 52.00 | OK | |||
r-release-windows-x86_64 | 1.1.0 | 18.00 | 64.00 | 82.00 | OK | |
r-oldrel-macos-arm64 | 1.1.0 | 25.00 | OK | |||
r-oldrel-macos-x86_64 | 1.1.0 | 49.00 | OK | |||
r-oldrel-windows-ix86+x86_64 | 1.1.0 | 7.00 | 56.00 | 63.00 | ERROR |
Version: 1.1.0
Check: PDF version of manual
Result: WARN
LaTeX errors when creating PDF version.
This typically indicates Rd problems.
LaTeX errors found:
! Package inputenc Error: Unicode char รข<c2><80><c2><90> (U+2010)
(inputenc) not set up for use with LaTeX.
See the inputenc package documentation for explanation.
Type H <return> for immediate help.
Flavor: r-oldrel-windows-ix86+x86_64
Version: 1.1.0
Check: PDF version of manual without hyperrefs or index
Result: ERROR
Flavor: r-oldrel-windows-ix86+x86_64