Last updated on 2022-08-15 08:49:51 CEST.
Flavor | Version | Tinstall | Tcheck | Ttotal | Status | Flags |
---|---|---|---|---|---|---|
r-devel-linux-x86_64-debian-clang | 2.14-3 | 59.71 | 325.04 | 384.75 | OK | |
r-devel-linux-x86_64-debian-gcc | 2.14-3 | 52.80 | 233.99 | 286.79 | OK | |
r-devel-linux-x86_64-fedora-clang | 2.14-3 | 480.35 | NOTE | |||
r-devel-linux-x86_64-fedora-gcc | 2.14-3 | 458.20 | OK | |||
r-devel-windows-x86_64 | 2.14-3 | 148.00 | 328.00 | 476.00 | OK | |
r-patched-linux-x86_64 | 2.14-3 | 83.34 | 356.46 | 439.80 | OK | |
r-release-linux-x86_64 | 2.14-3 | 79.53 | 354.64 | 434.17 | OK | |
r-release-macos-arm64 | 2.14-3 | 125.00 | OK | |||
r-release-macos-x86_64 | 2.14-3 | 378.00 | OK | |||
r-release-windows-x86_64 | 2.14-3 | 160.00 | 327.00 | 487.00 | OK | |
r-oldrel-macos-arm64 | 2.14-3 | 109.00 | OK | |||
r-oldrel-macos-x86_64 | 2.14-3 | 287.00 | OK | |||
r-oldrel-windows-ix86+x86_64 | 2.14-3 | 98.00 | 326.00 | 424.00 | OK |
Version: 2.14-3
Check: Rd cross-references
Result: NOTE
Undeclared package ‘pvclust’ in Rd xrefs
Flavor: r-devel-linux-x86_64-fedora-clang