Last updated on 2022-08-15 08:49:52 CEST.
Flavor | Version | Tinstall | Tcheck | Ttotal | Status | Flags |
---|---|---|---|---|---|---|
r-devel-linux-x86_64-debian-clang | 0.2.2 | 2.38 | 27.54 | 29.92 | OK | |
r-devel-linux-x86_64-debian-gcc | 0.2.2 | 1.64 | 21.23 | 22.87 | OK | |
r-devel-linux-x86_64-fedora-clang | 0.2.2 | 46.70 | OK | |||
r-devel-linux-x86_64-fedora-gcc | 0.2.2 | 46.08 | OK | |||
r-devel-windows-x86_64 | 0.2.2 | 11.00 | 54.00 | 65.00 | OK | |
r-patched-linux-x86_64 | 0.2.2 | 1.98 | 26.65 | 28.63 | OK | |
r-release-linux-x86_64 | 0.2.2 | 2.22 | 26.91 | 29.13 | OK | |
r-release-macos-arm64 | 0.2.2 | 17.00 | NOTE | |||
r-release-macos-x86_64 | 0.2.2 | 22.00 | OK | |||
r-release-windows-x86_64 | 0.2.2 | 15.00 | 53.00 | 68.00 | OK | |
r-oldrel-macos-arm64 | 0.2.2 | 19.00 | NOTE | |||
r-oldrel-macos-x86_64 | 0.2.2 | 29.00 | NOTE | |||
r-oldrel-windows-ix86+x86_64 | 0.2.2 | 6.00 | 46.00 | 52.00 | OK |
Version: 0.2.2
Check: package dependencies
Result: NOTE
Package suggested but not available for checking: ‘IHW’
Flavors: r-release-macos-arm64, r-oldrel-macos-arm64, r-oldrel-macos-x86_64