Last updated on 2022-08-15 08:49:52 CEST.
Flavor | Version | Tinstall | Tcheck | Ttotal | Status | Flags |
---|---|---|---|---|---|---|
r-devel-linux-x86_64-debian-clang | 1.0.3 | 15.74 | 85.05 | 100.79 | NOTE | |
r-devel-linux-x86_64-debian-gcc | 1.0.3 | 12.02 | 64.34 | 76.36 | NOTE | |
r-devel-linux-x86_64-fedora-clang | 1.0.3 | 130.21 | NOTE | |||
r-devel-linux-x86_64-fedora-gcc | 1.0.3 | 121.92 | NOTE | |||
r-devel-windows-x86_64 | 1.0.3 | 24.00 | 102.00 | 126.00 | NOTE | |
r-patched-linux-x86_64 | 1.0.3 | 13.20 | 81.95 | 95.15 | NOTE | |
r-release-linux-x86_64 | 1.0.3 | 12.35 | 82.40 | 94.75 | NOTE | |
r-release-macos-arm64 | 1.0.3 | 37.00 | NOTE | |||
r-release-macos-x86_64 | 1.0.3 | 50.00 | NOTE | |||
r-release-windows-x86_64 | 1.0.3 | 24.00 | 89.00 | 113.00 | NOTE | |
r-oldrel-macos-arm64 | 1.0.3 | 38.00 | NOTE | |||
r-oldrel-macos-x86_64 | 1.0.3 | 62.00 | NOTE | |||
r-oldrel-windows-ix86+x86_64 | 1.0.3 | 28.00 | 103.00 | 131.00 | NOTE |
Version: 1.0.3
Check: LazyData
Result: NOTE
'LazyData' is specified without a 'data' directory
Flavors: r-devel-linux-x86_64-debian-clang, r-devel-linux-x86_64-debian-gcc, r-devel-linux-x86_64-fedora-clang, r-devel-linux-x86_64-fedora-gcc, r-devel-windows-x86_64, r-patched-linux-x86_64, r-release-linux-x86_64, r-release-macos-arm64, r-release-macos-x86_64, r-release-windows-x86_64, r-oldrel-macos-arm64, r-oldrel-macos-x86_64, r-oldrel-windows-ix86+x86_64