Last updated on 2022-08-15 08:49:52 CEST.
Flavor | Version | Tinstall | Tcheck | Ttotal | Status | Flags |
---|---|---|---|---|---|---|
r-devel-linux-x86_64-debian-clang | 2.1.5 | 24.54 | 238.13 | 262.67 | NOTE | |
r-devel-linux-x86_64-debian-gcc | 2.1.5 | 18.22 | 178.01 | 196.23 | NOTE | |
r-devel-linux-x86_64-fedora-clang | 2.1.5 | 321.75 | NOTE | |||
r-devel-linux-x86_64-fedora-gcc | 2.1.5 | 328.39 | NOTE | |||
r-devel-windows-x86_64 | 2.1.5 | 45.00 | 335.00 | 380.00 | OK | |
r-patched-linux-x86_64 | 2.1.5 | 21.51 | 232.43 | 253.94 | NOTE | |
r-release-linux-x86_64 | 2.1.5 | 23.13 | 232.79 | 255.92 | NOTE | |
r-release-macos-arm64 | 2.1.5 | 199.00 | OK | |||
r-release-macos-x86_64 | 2.1.5 | 186.00 | OK | |||
r-release-windows-x86_64 | 2.1.5 | 30.00 | 328.00 | 358.00 | OK | |
r-oldrel-macos-arm64 | 2.1.5 | 214.00 | OK | |||
r-oldrel-macos-x86_64 | 2.1.5 | 288.00 | OK | |||
r-oldrel-windows-ix86+x86_64 | 2.1.5 | 73.00 | 221.00 | 294.00 | OK |
Version: 2.1.5
Check: for non-standard things in the check directory
Result: NOTE
Found the following files/directories:
'attractors.tex' 'cellcycle.sbml' 'cellcycle.txt' 'pajek_export.net'
'sequence.txt' 'testNet.bn'
Flavors: r-devel-linux-x86_64-debian-clang, r-devel-linux-x86_64-debian-gcc, r-devel-linux-x86_64-fedora-clang, r-devel-linux-x86_64-fedora-gcc, r-patched-linux-x86_64, r-release-linux-x86_64