Last updated on 2022-08-15 08:49:52 CEST.
Flavor | Version | Tinstall | Tcheck | Ttotal | Status | Flags |
---|---|---|---|---|---|---|
r-devel-linux-x86_64-debian-clang | 0.9.10 | 2202.26 | 47.01 | 2249.27 | NOTE | |
r-devel-linux-x86_64-debian-gcc | 0.9.10 | 1687.63 | 42.79 | 1730.42 | NOTE | |
r-devel-linux-x86_64-fedora-clang | 0.9.10 | 2764.86 | NOTE | |||
r-devel-linux-x86_64-fedora-gcc | 0.9.10 | 2703.10 | NOTE | |||
r-devel-windows-x86_64 | 0.9.10 | 1664.00 | 104.00 | 1768.00 | NOTE | |
r-patched-linux-x86_64 | 0.9.10 | 1984.50 | 54.17 | 2038.67 | NOTE | |
r-release-linux-x86_64 | 0.9.10 | 1985.18 | 53.24 | 2038.42 | NOTE | |
r-release-macos-arm64 | 0.9.10 | 154.00 | NOTE | |||
r-release-macos-x86_64 | 0.9.10 | 310.00 | NOTE | |||
r-release-windows-x86_64 | 0.9.10 | 2621.00 | 105.00 | 2726.00 | NOTE | |
r-oldrel-macos-arm64 | 0.9.10 | 155.00 | NOTE | |||
r-oldrel-macos-x86_64 | 0.9.10 | 315.00 | NOTE | |||
r-oldrel-windows-ix86+x86_64 | 0.9.10 | 4718.00 | 84.00 | 4802.00 | NOTE |
Version: 0.9.10
Check: for GNU extensions in Makefiles
Result: NOTE
GNU make is a SystemRequirements.
Flavors: r-devel-linux-x86_64-debian-clang, r-devel-linux-x86_64-debian-gcc, r-devel-linux-x86_64-fedora-clang, r-devel-linux-x86_64-fedora-gcc, r-devel-windows-x86_64, r-patched-linux-x86_64, r-release-linux-x86_64, r-release-macos-arm64, r-release-macos-x86_64, r-release-windows-x86_64, r-oldrel-macos-arm64, r-oldrel-macos-x86_64, r-oldrel-windows-ix86+x86_64
Version: 0.9.10
Check: installed package size
Result: NOTE
installed size is 44.9Mb
sub-directories of 1Mb or more:
include 9.2Mb
lib 35.3Mb
Flavors: r-devel-linux-x86_64-fedora-clang, r-devel-windows-x86_64, r-release-macos-arm64, r-release-macos-x86_64, r-release-windows-x86_64, r-oldrel-macos-arm64, r-oldrel-macos-x86_64, r-oldrel-windows-ix86+x86_64