Last updated on 2022-08-15 08:49:52 CEST.
Flavor | Version | Tinstall | Tcheck | Ttotal | Status | Flags |
---|---|---|---|---|---|---|
r-devel-linux-x86_64-debian-clang | 1.2.5 | 46.01 | 121.60 | 167.61 | OK | |
r-devel-linux-x86_64-debian-gcc | 1.2.5 | 43.43 | 86.29 | 129.72 | OK | |
r-devel-linux-x86_64-fedora-clang | 1.2.5 | 216.84 | NOTE | |||
r-devel-linux-x86_64-fedora-gcc | 1.2.5 | 221.58 | OK | |||
r-devel-windows-x86_64 | 1.2.5 | 137.00 | 234.00 | 371.00 | OK | |
r-patched-linux-x86_64 | 1.2.5 | 47.62 | 115.31 | 162.93 | OK | |
r-release-linux-x86_64 | 1.2.5 | 47.04 | 112.09 | 159.13 | OK | |
r-release-macos-arm64 | 1.2.5 | 88.00 | NOTE | |||
r-release-macos-x86_64 | 1.2.5 | 96.00 | NOTE | |||
r-release-windows-x86_64 | 1.2.5 | 122.00 | 226.00 | 348.00 | OK | |
r-oldrel-macos-arm64 | 1.2.5 | 99.00 | NOTE | |||
r-oldrel-macos-x86_64 | 1.2.5 | 100.00 | NOTE | |||
r-oldrel-windows-ix86+x86_64 | 1.2.5 | 120.00 | 301.00 | 421.00 | NOTE |
Version: 1.2.5
Check: installed package size
Result: NOTE
installed size is 6.2Mb
sub-directories of 1Mb or more:
libs 5.6Mb
Flavors: r-devel-linux-x86_64-fedora-clang, r-release-macos-arm64, r-release-macos-x86_64, r-oldrel-macos-arm64, r-oldrel-macos-x86_64, r-oldrel-windows-ix86+x86_64