Last updated on 2022-08-15 08:49:52 CEST.
Flavor | Version | Tinstall | Tcheck | Ttotal | Status | Flags |
---|---|---|---|---|---|---|
r-devel-linux-x86_64-debian-clang | 1.0.5 | 3.58 | 45.11 | 48.69 | OK | |
r-devel-linux-x86_64-debian-gcc | 1.0.5 | 2.77 | 33.58 | 36.35 | OK | |
r-devel-linux-x86_64-fedora-clang | 1.0.5 | 68.16 | OK | |||
r-devel-linux-x86_64-fedora-gcc | 1.0.5 | 69.18 | OK | |||
r-devel-windows-x86_64 | 1.0.5 | 15.00 | 71.00 | 86.00 | NOTE | |
r-patched-linux-x86_64 | 1.0.5 | 2.22 | 41.82 | 44.04 | OK | |
r-release-linux-x86_64 | 1.0.5 | 2.51 | 41.59 | 44.10 | OK | |
r-release-macos-arm64 | 1.0.5 | 25.00 | NOTE | |||
r-release-macos-x86_64 | 1.0.5 | 30.00 | OK | |||
r-release-windows-x86_64 | 1.0.5 | 16.00 | 71.00 | 87.00 | NOTE | |
r-oldrel-macos-arm64 | 1.0.5 | 30.00 | NOTE | |||
r-oldrel-macos-x86_64 | 1.0.5 | 40.00 | OK | |||
r-oldrel-windows-ix86+x86_64 | 1.0.5 | 8.00 | 66.00 | 74.00 | NOTE |
Version: 1.0.5
Check: package dependencies
Result: NOTE
Package suggested but not available for checking: 'doMC'
Flavors: r-devel-windows-x86_64, r-release-windows-x86_64, r-oldrel-windows-ix86+x86_64
Version: 1.0.5
Check: package dependencies
Result: NOTE
Package suggested but not available for checking: ‘qvalue’
Flavors: r-release-macos-arm64, r-oldrel-macos-arm64
Version: 1.0.5
Check: Rd cross-references
Result: NOTE
Package unavailable to check Rd xrefs: ‘qvalue’
Flavors: r-release-macos-arm64, r-oldrel-macos-arm64