Last updated on 2022-08-15 08:49:52 CEST.
Flavor | Version | Tinstall | Tcheck | Ttotal | Status | Flags |
---|---|---|---|---|---|---|
r-devel-linux-x86_64-debian-clang | 0.32.1 | 24.48 | 269.93 | 294.41 | NOTE | |
r-devel-linux-x86_64-debian-gcc | 0.32.1 | 20.25 | 194.73 | 214.98 | NOTE | |
r-devel-linux-x86_64-fedora-clang | 0.32.1 | 351.34 | NOTE | |||
r-devel-linux-x86_64-fedora-gcc | 0.32.1 | 355.67 | NOTE | |||
r-devel-windows-x86_64 | 0.32.1 | 90.00 | 330.00 | 420.00 | NOTE | |
r-patched-linux-x86_64 | 0.32.1 | 22.19 | 255.88 | 278.07 | OK | |
r-release-linux-x86_64 | 0.32.1 | 15.03 | 252.51 | 267.54 | OK | |
r-release-macos-arm64 | 0.32.1 | 100.00 | NOTE | |||
r-release-macos-x86_64 | 0.32.1 | 183.00 | NOTE | |||
r-release-windows-x86_64 | 0.32.1 | 129.00 | 318.00 | 447.00 | OK | |
r-oldrel-macos-arm64 | 0.32.1 | 112.00 | NOTE | |||
r-oldrel-macos-x86_64 | 0.32.1 | 144.00 | NOTE | |||
r-oldrel-windows-ix86+x86_64 | 0.32.1 | 52.00 | 313.00 | 365.00 | OK |
Version: 0.32.1
Check: Rd files
Result: NOTE
checkRd: (-1) R2txtJG.Rd:90: Escaped LaTeX specials: \#
Flavors: r-devel-linux-x86_64-debian-clang, r-devel-linux-x86_64-debian-gcc, r-devel-linux-x86_64-fedora-clang, r-devel-linux-x86_64-fedora-gcc, r-devel-windows-x86_64
Version: 0.32.1
Check: dependencies in R code
Result: NOTE
Namespace in Imports field not imported from: ‘mathjaxr’
All declared Imports should be used.
Flavors: r-devel-linux-x86_64-fedora-clang, r-devel-linux-x86_64-fedora-gcc, r-release-macos-arm64, r-release-macos-x86_64, r-oldrel-macos-arm64, r-oldrel-macos-x86_64