Last updated on 2022-08-15 08:49:52 CEST.
Flavor | Version | Tinstall | Tcheck | Ttotal | Status | Flags |
---|---|---|---|---|---|---|
r-devel-linux-x86_64-debian-clang | 0.2.0 | 2.63 | 21.91 | 24.54 | NOTE | |
r-devel-linux-x86_64-debian-gcc | 0.2.0 | 1.95 | 17.15 | 19.10 | NOTE | |
r-devel-linux-x86_64-fedora-clang | 0.2.0 | 40.60 | NOTE | |||
r-devel-linux-x86_64-fedora-gcc | 0.2.0 | 40.62 | NOTE | |||
r-devel-windows-x86_64 | 0.2.0 | 15.00 | 47.00 | 62.00 | NOTE | |
r-patched-linux-x86_64 | 0.2.0 | 2.57 | 21.26 | 23.83 | NOTE | |
r-release-linux-x86_64 | 0.2.0 | 2.49 | 21.56 | 24.05 | NOTE | |
r-release-macos-arm64 | 0.2.0 | 14.00 | NOTE | |||
r-release-macos-x86_64 | 0.2.0 | 20.00 | NOTE | |||
r-release-windows-x86_64 | 0.2.0 | 17.00 | 45.00 | 62.00 | NOTE | |
r-oldrel-macos-arm64 | 0.2.0 | 19.00 | NOTE | |||
r-oldrel-macos-x86_64 | 0.2.0 | 24.00 | NOTE | |||
r-oldrel-windows-ix86+x86_64 | 0.2.0 | 6.00 | 38.00 | 44.00 | NOTE |
Version: 0.2.0
Check: LazyData
Result: NOTE
'LazyData' is specified without a 'data' directory
Flavors: r-devel-linux-x86_64-debian-clang, r-devel-linux-x86_64-debian-gcc, r-devel-linux-x86_64-fedora-clang, r-devel-linux-x86_64-fedora-gcc, r-devel-windows-x86_64, r-patched-linux-x86_64, r-release-linux-x86_64, r-release-macos-arm64, r-release-macos-x86_64, r-release-windows-x86_64, r-oldrel-macos-arm64, r-oldrel-macos-x86_64, r-oldrel-windows-ix86+x86_64