Last updated on 2022-08-15 08:49:52 CEST.
Flavor | Version | Tinstall | Tcheck | Ttotal | Status | Flags |
---|---|---|---|---|---|---|
r-devel-linux-x86_64-debian-clang | 3.0.8 | 16.53 | 122.38 | 138.91 | NOTE | |
r-devel-linux-x86_64-debian-gcc | 3.0.8 | 12.55 | 94.12 | 106.67 | NOTE | |
r-devel-linux-x86_64-fedora-clang | 3.0.8 | 176.09 | NOTE | |||
r-devel-linux-x86_64-fedora-gcc | 3.0.8 | 180.56 | NOTE | |||
r-devel-windows-x86_64 | 3.0.8 | 72.00 | 142.00 | 214.00 | NOTE | |
r-patched-linux-x86_64 | 3.0.8 | 13.31 | 134.40 | 147.71 | NOTE | |
r-release-linux-x86_64 | 3.0.8 | 19.02 | 134.35 | 153.37 | NOTE | |
r-release-macos-arm64 | 3.0.8 | 78.00 | NOTE | |||
r-release-macos-x86_64 | 3.0.8 | 154.00 | NOTE | |||
r-release-windows-x86_64 | 3.0.8 | 120.00 | 130.00 | 250.00 | NOTE | |
r-oldrel-macos-arm64 | 3.0.8 | 121.00 | NOTE | |||
r-oldrel-macos-x86_64 | 3.0.8 | 144.00 | NOTE | |||
r-oldrel-windows-ix86+x86_64 | 3.0.8 | 32.00 | 133.00 | 165.00 | NOTE |
Version: 3.0.8
Check: LazyData
Result: NOTE
'LazyData' is specified without a 'data' directory
Flavors: r-devel-linux-x86_64-debian-clang, r-devel-linux-x86_64-debian-gcc, r-devel-linux-x86_64-fedora-clang, r-devel-linux-x86_64-fedora-gcc, r-devel-windows-x86_64, r-patched-linux-x86_64, r-release-linux-x86_64, r-release-macos-arm64, r-release-macos-x86_64, r-release-windows-x86_64, r-oldrel-macos-arm64, r-oldrel-macos-x86_64, r-oldrel-windows-ix86+x86_64