Last updated on 2022-08-15 08:49:52 CEST.
Flavor | Version | Tinstall | Tcheck | Ttotal | Status | Flags |
---|---|---|---|---|---|---|
r-devel-linux-x86_64-debian-clang | 0.6.1 | 66.87 | 40.90 | 107.77 | NOTE | |
r-devel-linux-x86_64-debian-gcc | 0.6.1 | 54.16 | 31.83 | 85.99 | NOTE | |
r-devel-linux-x86_64-fedora-clang | 0.6.1 | 167.95 | NOTE | |||
r-devel-linux-x86_64-fedora-gcc | 0.6.1 | 138.60 | NOTE | |||
r-devel-windows-x86_64 | 0.6.1 | 104.00 | 103.00 | 207.00 | NOTE | |
r-patched-linux-x86_64 | 0.6.1 | 61.32 | 36.57 | 97.89 | NOTE | |
r-release-linux-x86_64 | 0.6.1 | 62.47 | 36.92 | 99.39 | NOTE | |
r-release-macos-arm64 | 0.6.1 | 43.00 | NOTE | |||
r-release-macos-x86_64 | 0.6.1 | 70.00 | NOTE | |||
r-release-windows-x86_64 | 0.6.1 | 103.00 | 88.00 | 191.00 | NOTE | |
r-oldrel-macos-arm64 | 0.6.1 | 49.00 | NOTE | |||
r-oldrel-macos-x86_64 | 0.6.1 | 83.00 | NOTE | |||
r-oldrel-windows-ix86+x86_64 | 0.6.1 | 152.00 | 82.00 | 234.00 | NOTE |
Version: 0.6.1
Check: LazyData
Result: NOTE
'LazyData' is specified without a 'data' directory
Flavors: r-devel-linux-x86_64-debian-clang, r-devel-linux-x86_64-debian-gcc, r-devel-linux-x86_64-fedora-clang, r-devel-linux-x86_64-fedora-gcc, r-devel-windows-x86_64, r-patched-linux-x86_64, r-release-linux-x86_64, r-release-macos-arm64, r-release-macos-x86_64, r-release-windows-x86_64, r-oldrel-macos-arm64, r-oldrel-macos-x86_64, r-oldrel-windows-ix86+x86_64
Version: 0.6.1
Check: installed package size
Result: NOTE
installed size is 5.8Mb
sub-directories of 1Mb or more:
libs 5.0Mb
Flavors: r-release-macos-arm64, r-release-macos-x86_64, r-oldrel-macos-arm64, r-oldrel-macos-x86_64