Last updated on 2022-08-15 08:49:52 CEST.
Flavor | Version | Tinstall | Tcheck | Ttotal | Status | Flags |
---|---|---|---|---|---|---|
r-devel-linux-x86_64-debian-clang | 1.5.2 | 12.72 | 72.45 | 85.17 | NOTE | |
r-devel-linux-x86_64-debian-gcc | 1.5.2 | 12.09 | 54.95 | 67.04 | NOTE | |
r-devel-linux-x86_64-fedora-clang | 1.5.2 | 117.97 | NOTE | |||
r-devel-linux-x86_64-fedora-gcc | 1.5.2 | 117.36 | NOTE | |||
r-devel-windows-x86_64 | 1.5.2 | 25.00 | 90.00 | 115.00 | OK | |
r-patched-linux-x86_64 | 1.5.2 | 19.49 | 82.18 | 101.67 | NOTE | |
r-release-linux-x86_64 | 1.5.2 | 18.58 | 81.26 | 99.84 | NOTE | |
r-release-macos-arm64 | 1.5.2 | 73.00 | OK | |||
r-release-macos-x86_64 | 1.5.2 | 92.00 | OK | |||
r-release-windows-x86_64 | 1.5.2 | 29.00 | 86.00 | 115.00 | OK | |
r-oldrel-macos-arm64 | 1.5.2 | 50.00 | OK | |||
r-oldrel-macos-x86_64 | 1.5.2 | 106.00 | OK | |||
r-oldrel-windows-ix86+x86_64 | 1.5.2 | 25.00 | 90.00 | 115.00 | OK |
Version: 1.5.2
Check: for non-standard things in the check directory
Result: NOTE
Found the following files/directories:
'hotcold.csv'
Flavors: r-devel-linux-x86_64-debian-clang, r-devel-linux-x86_64-debian-gcc, r-devel-linux-x86_64-fedora-clang, r-devel-linux-x86_64-fedora-gcc, r-patched-linux-x86_64, r-release-linux-x86_64