Last updated on 2022-08-15 08:49:52 CEST.
Flavor | Version | Tinstall | Tcheck | Ttotal | Status | Flags |
---|---|---|---|---|---|---|
r-devel-linux-x86_64-debian-clang | 0.4.0 | 6.69 | 742.20 | 748.89 | OK | |
r-devel-linux-x86_64-debian-gcc | 0.4.0 | 4.89 | 332.66 | 337.55 | OK | |
r-devel-linux-x86_64-fedora-clang | 0.4.0 | 614.69 | OK | |||
r-devel-linux-x86_64-fedora-gcc | 0.4.0 | 482.60 | OK | |||
r-devel-windows-x86_64 | 0.4.0 | 21.00 | 380.00 | 401.00 | OK | |
r-patched-linux-x86_64 | 0.4.0 | 7.88 | 412.41 | 420.29 | OK | |
r-release-linux-x86_64 | 0.4.0 | 5.67 | 414.12 | 419.79 | OK | |
r-release-macos-arm64 | 0.4.0 | 52.00 | ERROR | |||
r-release-macos-x86_64 | 0.4.0 | 51.00 | ERROR | |||
r-release-windows-x86_64 | 0.4.0 | 21.00 | 364.00 | 385.00 | OK | |
r-oldrel-macos-arm64 | 0.4.0 | 42.00 | WARN | |||
r-oldrel-macos-x86_64 | 0.4.0 | 56.00 | WARN | |||
r-oldrel-windows-ix86+x86_64 | 0.4.0 | 18.00 | 386.00 | 404.00 | OK |
Version: 0.4.0
Check: re-building of vignette outputs
Result: ERROR
Error(s) in re-building vignettes:
...
--- re-building ‘CGNM-vignette.Rmd’ using rmarkdown
Quitting from lines 36-57 (CGNM-vignette.Rmd)
Error: processing vignette 'CGNM-vignette.Rmd' failed with diagnostics:
package or namespace load failed for 'RxODE':
.onLoad failed in loadNamespace() for 'RxODE', details:
call: NULL
error: RxODE compiled with PreciseSums '0.4' but PreciseSums '0.5' is loaded
Recompile RxODE with the this version of PreciseSums
--- failed re-building ‘CGNM-vignette.Rmd’
SUMMARY: processing the following file failed:
‘CGNM-vignette.Rmd’
Error: Vignette re-building failed.
Execution halted
Flavors: r-release-macos-arm64, r-release-macos-x86_64
Version: 0.4.0
Check: re-building of vignette outputs
Result: WARN
Error(s) in re-building vignettes:
...
--- re-building ‘CGNM-vignette.Rmd’ using rmarkdown
Quitting from lines 36-57 (CGNM-vignette.Rmd)
Error: processing vignette 'CGNM-vignette.Rmd' failed with diagnostics:
package or namespace load failed for 'RxODE':
.onLoad failed in loadNamespace() for 'RxODE', details:
call: NULL
error: RxODE compiled with PreciseSums '0.4' but PreciseSums '0.5' is loaded
Recompile RxODE with the this version of PreciseSums
--- failed re-building ‘CGNM-vignette.Rmd’
SUMMARY: processing the following file failed:
‘CGNM-vignette.Rmd’
Error: Vignette re-building failed.
Execution halted
Flavors: r-oldrel-macos-arm64, r-oldrel-macos-x86_64