Last updated on 2022-08-15 08:49:53 CEST.
Flavor | Version | Tinstall | Tcheck | Ttotal | Status | Flags |
---|---|---|---|---|---|---|
r-devel-linux-x86_64-debian-clang | 1.3 | 2.35 | 36.45 | 38.80 | OK | |
r-devel-linux-x86_64-debian-gcc | 1.3 | 2.24 | 27.67 | 29.91 | OK | |
r-devel-linux-x86_64-fedora-clang | 1.3 | 57.54 | NOTE | |||
r-devel-linux-x86_64-fedora-gcc | 1.3 | 58.74 | NOTE | |||
r-devel-windows-x86_64 | 1.3 | 27.00 | 68.00 | 95.00 | OK | |
r-patched-linux-x86_64 | 1.3 | 2.98 | 35.68 | 38.66 | OK | |
r-release-linux-x86_64 | 1.3 | 2.79 | 34.90 | 37.69 | OK | |
r-release-macos-arm64 | 1.3 | 20.00 | NOTE | |||
r-release-macos-x86_64 | 1.3 | 27.00 | NOTE | |||
r-release-windows-x86_64 | 1.3 | 21.00 | 68.00 | 89.00 | OK | |
r-oldrel-macos-arm64 | 1.3 | 21.00 | NOTE | |||
r-oldrel-macos-x86_64 | 1.3 | 37.00 | NOTE | |||
r-oldrel-windows-ix86+x86_64 | 1.3 | 6.00 | 52.00 | 58.00 | OK |
Version: 1.3
Check: dependencies in R code
Result: NOTE
Namespaces in Imports field not imported from:
‘Matrix’ ‘stringr’
All declared Imports should be used.
Flavors: r-devel-linux-x86_64-fedora-clang, r-devel-linux-x86_64-fedora-gcc, r-release-macos-arm64, r-release-macos-x86_64, r-oldrel-macos-arm64, r-oldrel-macos-x86_64