Last updated on 2022-08-15 08:49:53 CEST.
Flavor | Version | Tinstall | Tcheck | Ttotal | Status | Flags |
---|---|---|---|---|---|---|
r-devel-linux-x86_64-debian-clang | 0.1.0 | 9.31 | 122.68 | 131.99 | OK | |
r-devel-linux-x86_64-debian-gcc | 0.1.0 | 7.56 | 89.55 | 97.11 | OK | |
r-devel-linux-x86_64-fedora-clang | 0.1.0 | 163.60 | NOTE | |||
r-devel-linux-x86_64-fedora-gcc | 0.1.0 | 167.11 | OK | |||
r-devel-windows-x86_64 | 0.1.0 | 19.00 | 151.00 | 170.00 | NOTE | |
r-patched-linux-x86_64 | 0.1.0 | 6.37 | 113.11 | 119.48 | OK | |
r-release-linux-x86_64 | 0.1.0 | 5.69 | 112.62 | 118.31 | OK | |
r-release-macos-arm64 | 0.1.0 | 57.00 | NOTE | |||
r-release-macos-x86_64 | 0.1.0 | 84.00 | NOTE | |||
r-release-windows-x86_64 | 0.1.0 | 22.00 | 153.00 | 175.00 | NOTE | |
r-oldrel-macos-arm64 | 0.1.0 | 43.00 | NOTE | |||
r-oldrel-macos-x86_64 | 0.1.0 | 66.00 | NOTE | |||
r-oldrel-windows-ix86+x86_64 | 0.1.0 | 4.00 | 10.00 | 14.00 | ERROR |
Version: 0.1.0
Check: installed package size
Result: NOTE
installed size is 8.0Mb
sub-directories of 1Mb or more:
doc 5.7Mb
extdata 2.1Mb
Flavors: r-devel-linux-x86_64-fedora-clang, r-devel-windows-x86_64, r-release-macos-arm64, r-release-macos-x86_64, r-release-windows-x86_64, r-oldrel-macos-arm64, r-oldrel-macos-x86_64
Version: 0.1.0
Check: whether package can be installed
Result: ERROR
Installation failed.
Flavor: r-oldrel-windows-ix86+x86_64