Last updated on 2022-08-15 08:49:53 CEST.
Flavor | Version | Tinstall | Tcheck | Ttotal | Status | Flags |
---|---|---|---|---|---|---|
r-devel-linux-x86_64-debian-clang | 0.1.1 | 2.30 | 63.35 | 65.65 | NOTE | |
r-devel-linux-x86_64-debian-gcc | 0.1.1 | 2.38 | 48.04 | 50.42 | NOTE | |
r-devel-linux-x86_64-fedora-clang | 0.1.1 | 89.29 | NOTE | |||
r-devel-linux-x86_64-fedora-gcc | 0.1.1 | 90.28 | NOTE | |||
r-devel-windows-x86_64 | 0.1.1 | 9.00 | 94.00 | 103.00 | NOTE | |
r-patched-linux-x86_64 | 0.1.1 | 2.45 | 60.68 | 63.13 | NOTE | |
r-release-linux-x86_64 | 0.1.1 | 3.80 | 60.55 | 64.35 | NOTE | |
r-release-macos-arm64 | 0.1.1 | 29.00 | NOTE | |||
r-release-macos-x86_64 | 0.1.1 | 37.00 | NOTE | |||
r-release-windows-x86_64 | 0.1.1 | 9.00 | 90.00 | 99.00 | NOTE | |
r-oldrel-macos-arm64 | 0.1.1 | 28.00 | NOTE | |||
r-oldrel-macos-x86_64 | 0.1.1 | 50.00 | NOTE | |||
r-oldrel-windows-ix86+x86_64 | 0.1.1 | 7.00 | 96.00 | 103.00 | NOTE |
Version: 0.1.1
Check: LazyData
Result: NOTE
'LazyData' is specified without a 'data' directory
Flavors: r-devel-linux-x86_64-debian-clang, r-devel-linux-x86_64-debian-gcc, r-devel-linux-x86_64-fedora-clang, r-devel-linux-x86_64-fedora-gcc, r-devel-windows-x86_64, r-patched-linux-x86_64, r-release-linux-x86_64, r-release-macos-arm64, r-release-macos-x86_64, r-release-windows-x86_64, r-oldrel-macos-arm64, r-oldrel-macos-x86_64, r-oldrel-windows-ix86+x86_64