Last updated on 2022-08-15 08:49:53 CEST.
Flavor | Version | Tinstall | Tcheck | Ttotal | Status | Flags |
---|---|---|---|---|---|---|
r-devel-linux-x86_64-debian-clang | 1.2.0 | 20.62 | 160.19 | 180.81 | OK | |
r-devel-linux-x86_64-debian-gcc | 1.2.0 | 16.95 | 118.51 | 135.46 | OK | |
r-devel-linux-x86_64-fedora-clang | 1.2.0 | 221.17 | NOTE | |||
r-devel-linux-x86_64-fedora-gcc | 1.2.0 | 214.93 | NOTE | |||
r-devel-windows-x86_64 | 1.2.0 | 37.00 | 181.00 | 218.00 | OK | |
r-patched-linux-x86_64 | 1.2.0 | 22.28 | 149.40 | 171.68 | OK | |
r-release-linux-x86_64 | 1.2.0 | 21.96 | 150.80 | 172.76 | OK | |
r-release-macos-arm64 | 1.2.0 | 59.00 | NOTE | |||
r-release-macos-x86_64 | 1.2.0 | 82.00 | NOTE | |||
r-release-windows-x86_64 | 1.2.0 | 33.00 | 179.00 | 212.00 | OK | |
r-oldrel-macos-arm64 | 1.2.0 | 52.00 | NOTE | |||
r-oldrel-macos-x86_64 | 1.2.0 | 78.00 | NOTE | |||
r-oldrel-windows-ix86+x86_64 | 1.2.0 | 43.00 | 171.00 | 214.00 | OK |
Version: 1.2.0
Check: dependencies in R code
Result: NOTE
Namespace in Imports field not imported from: ‘magrittr’
All declared Imports should be used.
Flavors: r-devel-linux-x86_64-fedora-clang, r-devel-linux-x86_64-fedora-gcc, r-release-macos-arm64, r-release-macos-x86_64, r-oldrel-macos-arm64, r-oldrel-macos-x86_64