Last updated on 2022-08-15 08:49:53 CEST.
Flavor | Version | Tinstall | Tcheck | Ttotal | Status | Flags |
---|---|---|---|---|---|---|
r-devel-linux-x86_64-debian-clang | 0.1.0 | 5.86 | 79.02 | 84.88 | OK | |
r-devel-linux-x86_64-debian-gcc | 0.1.0 | 3.25 | 57.42 | 60.67 | OK | |
r-devel-linux-x86_64-fedora-clang | 0.1.0 | 109.71 | NOTE | |||
r-devel-linux-x86_64-fedora-gcc | 0.1.0 | 117.00 | NOTE | |||
r-devel-windows-x86_64 | 0.1.0 | 16.00 | 100.00 | 116.00 | OK | |
r-patched-linux-x86_64 | 0.1.0 | 4.73 | 74.83 | 79.56 | OK | |
r-release-linux-x86_64 | 0.1.0 | 5.49 | 72.41 | 77.90 | OK | |
r-release-macos-arm64 | 0.1.0 | 27.00 | NOTE | |||
r-release-macos-x86_64 | 0.1.0 | 54.00 | NOTE | |||
r-release-windows-x86_64 | 0.1.0 | 13.00 | 97.00 | 110.00 | OK | |
r-oldrel-macos-arm64 | 0.1.0 | 26.00 | NOTE | |||
r-oldrel-macos-x86_64 | 0.1.0 | 40.00 | NOTE | |||
r-oldrel-windows-ix86+x86_64 | 0.1.0 | 14.00 | 96.00 | 110.00 | OK |
Version: 0.1.0
Check: dependencies in R code
Result: NOTE
Namespace in Imports field not imported from: ‘RColorBrewer’
All declared Imports should be used.
Flavors: r-devel-linux-x86_64-fedora-clang, r-devel-linux-x86_64-fedora-gcc, r-release-macos-arm64, r-release-macos-x86_64, r-oldrel-macos-arm64, r-oldrel-macos-x86_64