Last updated on 2022-08-15 08:49:53 CEST.
Flavor | Version | Tinstall | Tcheck | Ttotal | Status | Flags |
---|---|---|---|---|---|---|
r-devel-linux-x86_64-debian-clang | 1.0 | 8.05 | 66.24 | 74.29 | NOTE | |
r-devel-linux-x86_64-debian-gcc | 1.0 | 6.48 | 49.54 | 56.02 | NOTE | |
r-devel-linux-x86_64-fedora-clang | 1.0 | 96.69 | NOTE | |||
r-devel-linux-x86_64-fedora-gcc | 1.0 | 97.29 | NOTE | |||
r-devel-windows-x86_64 | 1.0 | 12.00 | 89.00 | 101.00 | NOTE | |
r-patched-linux-x86_64 | 1.0 | 8.48 | 63.00 | 71.48 | NOTE | |
r-release-linux-x86_64 | 1.0 | 6.82 | 63.08 | 69.90 | NOTE | |
r-release-macos-arm64 | 1.0 | 28.00 | NOTE | |||
r-release-macos-x86_64 | 1.0 | 40.00 | NOTE | |||
r-release-windows-x86_64 | 1.0 | 10.00 | 86.00 | 96.00 | NOTE | |
r-oldrel-macos-arm64 | 1.0 | 35.00 | NOTE | |||
r-oldrel-macos-x86_64 | 1.0 | 44.00 | NOTE | |||
r-oldrel-windows-ix86+x86_64 | 1.0 | 17.00 | 88.00 | 105.00 | OK |
Version: 1.0
Check: package dependencies
Result: NOTE
Package suggested but not available for checking: 'userfriendlyscience'
Flavors: r-devel-linux-x86_64-debian-clang, r-devel-linux-x86_64-debian-gcc, r-devel-linux-x86_64-fedora-clang, r-devel-linux-x86_64-fedora-gcc, r-devel-windows-x86_64, r-patched-linux-x86_64, r-release-linux-x86_64, r-release-macos-arm64, r-release-macos-x86_64, r-release-windows-x86_64, r-oldrel-macos-arm64, r-oldrel-macos-x86_64