Last updated on 2022-08-15 08:49:53 CEST.
Flavor | Version | Tinstall | Tcheck | Ttotal | Status | Flags |
---|---|---|---|---|---|---|
r-devel-linux-x86_64-debian-clang | 0.1.1 | 3.06 | 142.01 | 145.07 | NOTE | |
r-devel-linux-x86_64-debian-gcc | 0.1.1 | 2.65 | 100.83 | 103.48 | NOTE | |
r-devel-linux-x86_64-fedora-clang | 0.1.1 | 177.28 | NOTE | |||
r-devel-linux-x86_64-fedora-gcc | 0.1.1 | 183.00 | NOTE | |||
r-devel-windows-x86_64 | 0.1.1 | 13.00 | 171.00 | 184.00 | NOTE | |
r-patched-linux-x86_64 | 0.1.1 | 4.49 | 136.62 | 141.11 | NOTE | |
r-release-linux-x86_64 | 0.1.1 | 4.08 | 138.59 | 142.67 | NOTE | |
r-release-macos-arm64 | 0.1.1 | 43.00 | NOTE | |||
r-release-macos-x86_64 | 0.1.1 | 56.00 | NOTE | |||
r-release-windows-x86_64 | 0.1.1 | 14.00 | 171.00 | 185.00 | NOTE | |
r-oldrel-macos-arm64 | 0.1.1 | 48.00 | NOTE | |||
r-oldrel-macos-x86_64 | 0.1.1 | 84.00 | NOTE | |||
r-oldrel-windows-ix86+x86_64 | 0.1.1 | 9.00 | 184.00 | 193.00 | NOTE |
Version: 0.1.1
Check: LazyData
Result: NOTE
'LazyData' is specified without a 'data' directory
Flavors: r-devel-linux-x86_64-debian-clang, r-devel-linux-x86_64-debian-gcc, r-devel-linux-x86_64-fedora-clang, r-devel-linux-x86_64-fedora-gcc, r-devel-windows-x86_64, r-patched-linux-x86_64, r-release-linux-x86_64, r-release-macos-arm64, r-release-macos-x86_64, r-release-windows-x86_64, r-oldrel-macos-arm64, r-oldrel-macos-x86_64, r-oldrel-windows-ix86+x86_64