Last updated on 2022-08-15 08:49:53 CEST.
Flavor | Version | Tinstall | Tcheck | Ttotal | Status | Flags |
---|---|---|---|---|---|---|
r-devel-linux-x86_64-debian-clang | 0.1.3 | 38.53 | 204.56 | 243.09 | OK | |
r-devel-linux-x86_64-debian-gcc | 0.1.3 | 31.12 | 143.00 | 174.12 | OK | |
r-devel-linux-x86_64-fedora-clang | 0.1.3 | 316.78 | NOTE | |||
r-devel-linux-x86_64-fedora-gcc | 0.1.3 | 305.46 | OK | |||
r-devel-windows-x86_64 | 0.1.3 | 66.00 | 250.00 | 316.00 | NOTE | |
r-patched-linux-x86_64 | 0.1.3 | 27.65 | 186.75 | 214.40 | OK | |
r-release-linux-x86_64 | 0.1.3 | 26.08 | 179.43 | 205.51 | OK | |
r-release-macos-arm64 | 0.1.3 | 89.00 | NOTE | |||
r-release-macos-x86_64 | 0.1.3 | 141.00 | NOTE | |||
r-release-windows-x86_64 | 0.1.3 | 74.00 | 246.00 | 320.00 | NOTE | |
r-oldrel-macos-arm64 | 0.1.3 | 119.00 | NOTE | |||
r-oldrel-macos-x86_64 | 0.1.3 | 106.00 | NOTE | |||
r-oldrel-windows-ix86+x86_64 | 0.1.3 | 103.00 | 287.00 | 390.00 | NOTE |
Version: 0.1.3
Check: installed package size
Result: NOTE
installed size is 6.0Mb
sub-directories of 1Mb or more:
data 1.1Mb
doc 3.6Mb
help 1.0Mb
Flavors: r-devel-linux-x86_64-fedora-clang, r-devel-windows-x86_64, r-release-macos-arm64, r-release-macos-x86_64, r-release-windows-x86_64, r-oldrel-macos-arm64, r-oldrel-macos-x86_64, r-oldrel-windows-ix86+x86_64