Last updated on 2022-08-15 08:49:53 CEST.
Flavor | Version | Tinstall | Tcheck | Ttotal | Status | Flags |
---|---|---|---|---|---|---|
r-devel-linux-x86_64-debian-clang | 0.1.1 | 9.66 | 32.94 | 42.60 | OK | |
r-devel-linux-x86_64-debian-gcc | 0.1.1 | 7.11 | 26.71 | 33.82 | OK | |
r-devel-linux-x86_64-fedora-clang | 0.1.1 | 63.71 | NOTE | |||
r-devel-linux-x86_64-fedora-gcc | 0.1.1 | 64.87 | NOTE | |||
r-devel-windows-x86_64 | 0.1.1 | 13.00 | 66.00 | 79.00 | NOTE | |
r-patched-linux-x86_64 | 0.1.1 | 9.62 | 31.85 | 41.47 | OK | |
r-release-linux-x86_64 | 0.1.1 | 7.48 | 33.68 | 41.16 | OK | |
r-release-macos-arm64 | 0.1.1 | 24.00 | NOTE | |||
r-release-macos-x86_64 | 0.1.1 | 33.00 | NOTE | |||
r-release-windows-x86_64 | 0.1.1 | 14.00 | 63.00 | 77.00 | NOTE | |
r-oldrel-macos-arm64 | 0.1.1 | 29.00 | NOTE | |||
r-oldrel-macos-x86_64 | 0.1.1 | 32.00 | NOTE | |||
r-oldrel-windows-ix86+x86_64 | 0.1.1 | 15.00 | 50.00 | 65.00 | NOTE |
Version: 0.1.1
Check: installed package size
Result: NOTE
installed size is 5.3Mb
sub-directories of 1Mb or more:
data 5.2Mb
Flavors: r-devel-linux-x86_64-fedora-clang, r-devel-windows-x86_64, r-release-macos-arm64, r-release-macos-x86_64, r-release-windows-x86_64, r-oldrel-macos-arm64, r-oldrel-macos-x86_64, r-oldrel-windows-ix86+x86_64
Version: 0.1.1
Check: dependencies in R code
Result: NOTE
Namespace in Imports field not imported from: ‘Rdpack’
All declared Imports should be used.
Flavors: r-devel-linux-x86_64-fedora-clang, r-devel-linux-x86_64-fedora-gcc, r-release-macos-arm64, r-release-macos-x86_64, r-oldrel-macos-arm64, r-oldrel-macos-x86_64