Last updated on 2022-08-15 08:49:53 CEST.
Flavor | Version | Tinstall | Tcheck | Ttotal | Status | Flags |
---|---|---|---|---|---|---|
r-devel-linux-x86_64-debian-clang | 0.1-2 | 3.06 | 29.90 | 32.96 | OK | |
r-devel-linux-x86_64-debian-gcc | 0.1-2 | 1.90 | 23.21 | 25.11 | OK | |
r-devel-linux-x86_64-fedora-clang | 0.1-2 | 50.39 | NOTE | |||
r-devel-linux-x86_64-fedora-gcc | 0.1-2 | 48.65 | OK | |||
r-devel-windows-x86_64 | 0.1-2 | 11.00 | 54.00 | 65.00 | OK | |
r-patched-linux-x86_64 | 0.1-2 | 3.40 | 29.12 | 32.52 | OK | |
r-release-linux-x86_64 | 0.1-2 | 2.88 | 29.33 | 32.21 | OK | |
r-release-macos-arm64 | 0.1-2 | 15.00 | OK | |||
r-release-macos-x86_64 | 0.1-2 | 22.00 | OK | |||
r-release-windows-x86_64 | 0.1-2 | 11.00 | 54.00 | 65.00 | OK | |
r-oldrel-macos-arm64 | 0.1-2 | 24.00 | OK | |||
r-oldrel-macos-x86_64 | 0.1-2 | 24.00 | OK | |||
r-oldrel-windows-ix86+x86_64 | 0.1-2 | 7.00 | 49.00 | 56.00 | OK |
Version: 0.1-2
Check: Rd cross-references
Result: NOTE
Undeclared package ‘wavethresh’ in Rd xrefs
Flavor: r-devel-linux-x86_64-fedora-clang