Last updated on 2022-08-15 08:49:53 CEST.
Flavor | Version | Tinstall | Tcheck | Ttotal | Status | Flags |
---|---|---|---|---|---|---|
r-devel-linux-x86_64-debian-clang | 0.1.6 | 149.02 | 58.61 | 207.63 | OK | |
r-devel-linux-x86_64-debian-gcc | 0.1.6 | 125.61 | 37.51 | 163.12 | OK | |
r-devel-linux-x86_64-fedora-clang | 0.1.6 | 303.21 | OK | |||
r-devel-linux-x86_64-fedora-gcc | 0.1.6 | 291.92 | OK | |||
r-devel-windows-x86_64 | 0.1.6 | 106.00 | 98.00 | 204.00 | OK | |
r-patched-linux-x86_64 | 0.1.6 | 134.51 | 48.30 | 182.81 | OK | |
r-release-linux-x86_64 | 0.1.6 | 126.10 | 48.49 | 174.59 | OK | |
r-release-macos-arm64 | 0.1.6 | 78.00 | NOTE | |||
r-release-macos-x86_64 | 0.1.6 | 87.00 | NOTE | |||
r-release-windows-x86_64 | 0.1.6 | 102.00 | 122.00 | 224.00 | OK | |
r-oldrel-macos-arm64 | 0.1.6 | 80.00 | NOTE | |||
r-oldrel-macos-x86_64 | 0.1.6 | 88.00 | NOTE | |||
r-oldrel-windows-ix86+x86_64 | 0.1.6 | 361.00 | 84.00 | 445.00 | OK |
Version: 0.1.6
Check: installed package size
Result: NOTE
installed size is 15.1Mb
sub-directories of 1Mb or more:
libs 14.8Mb
Flavors: r-release-macos-arm64, r-release-macos-x86_64, r-oldrel-macos-arm64, r-oldrel-macos-x86_64