Last updated on 2022-08-15 08:49:53 CEST.
Flavor | Version | Tinstall | Tcheck | Ttotal | Status | Flags |
---|---|---|---|---|---|---|
r-devel-linux-x86_64-debian-clang | 1.1.0 | 139.45 | 37.29 | 176.74 | OK | |
r-devel-linux-x86_64-debian-gcc | 1.1.0 | 108.55 | 29.04 | 137.59 | OK | |
r-devel-linux-x86_64-fedora-clang | 1.1.0 | 271.10 | OK | |||
r-devel-linux-x86_64-fedora-gcc | 1.1.0 | 254.09 | OK | |||
r-devel-windows-x86_64 | 1.1.0 | 106.00 | 89.00 | 195.00 | OK | |
r-patched-linux-x86_64 | 1.1.0 | 123.82 | 36.22 | 160.04 | OK | |
r-release-linux-x86_64 | 1.1.0 | 119.81 | 36.61 | 156.42 | OK | |
r-release-macos-arm64 | 1.1.0 | 70.00 | NOTE | |||
r-release-macos-x86_64 | 1.1.0 | 83.00 | NOTE | |||
r-release-windows-x86_64 | 1.1.0 | 104.00 | 88.00 | 192.00 | OK | |
r-oldrel-macos-arm64 | 1.1.0 | 67.00 | NOTE | |||
r-oldrel-macos-x86_64 | 1.1.0 | 82.00 | NOTE | |||
r-oldrel-windows-ix86+x86_64 | 1.1.0 | 338.00 | 85.00 | 423.00 | OK |
Version: 1.1.0
Check: installed package size
Result: NOTE
installed size is 5.5Mb
sub-directories of 1Mb or more:
libs 5.4Mb
Flavors: r-release-macos-arm64, r-release-macos-x86_64, r-oldrel-macos-arm64, r-oldrel-macos-x86_64