Last updated on 2022-08-15 08:49:53 CEST.
Flavor | Version | Tinstall | Tcheck | Ttotal | Status | Flags |
---|---|---|---|---|---|---|
r-devel-linux-x86_64-debian-clang | 0.1.0 | 7.36 | 80.56 | 87.92 | NOTE | |
r-devel-linux-x86_64-debian-gcc | 0.1.0 | 6.97 | 61.12 | 68.09 | NOTE | |
r-devel-linux-x86_64-fedora-clang | 0.1.0 | 116.17 | NOTE | |||
r-devel-linux-x86_64-fedora-gcc | 0.1.0 | 121.63 | NOTE | |||
r-devel-windows-x86_64 | 0.1.0 | 19.00 | 103.00 | 122.00 | NOTE | |
r-patched-linux-x86_64 | 0.1.0 | 7.57 | 79.68 | 87.25 | NOTE | |
r-release-linux-x86_64 | 0.1.0 | 7.60 | 79.82 | 87.42 | NOTE | |
r-release-macos-arm64 | 0.1.0 | 28.00 | NOTE | |||
r-release-macos-x86_64 | 0.1.0 | 43.00 | NOTE | |||
r-release-windows-x86_64 | 0.1.0 | 20.00 | 101.00 | 121.00 | NOTE | |
r-oldrel-macos-arm64 | 0.1.0 | 37.00 | NOTE | |||
r-oldrel-macos-x86_64 | 0.1.0 | 62.00 | NOTE | |||
r-oldrel-windows-ix86+x86_64 | 0.1.0 | 15.00 | 101.00 | 116.00 | NOTE |
Version: 0.1.0
Check: LazyData
Result: NOTE
'LazyData' is specified without a 'data' directory
Flavors: r-devel-linux-x86_64-debian-clang, r-devel-linux-x86_64-debian-gcc, r-devel-linux-x86_64-fedora-clang, r-devel-linux-x86_64-fedora-gcc, r-devel-windows-x86_64, r-patched-linux-x86_64, r-release-linux-x86_64, r-release-macos-arm64, r-release-macos-x86_64, r-release-windows-x86_64, r-oldrel-macos-arm64, r-oldrel-macos-x86_64, r-oldrel-windows-ix86+x86_64