Last updated on 2022-08-15 08:49:53 CEST.
Flavor | Version | Tinstall | Tcheck | Ttotal | Status | Flags |
---|---|---|---|---|---|---|
r-devel-linux-x86_64-debian-clang | 2.0 | 12.50 | 120.06 | 132.56 | NOTE | |
r-devel-linux-x86_64-debian-gcc | 2.0 | 10.83 | 87.53 | 98.36 | NOTE | |
r-devel-linux-x86_64-fedora-clang | 2.0 | 175.07 | NOTE | |||
r-devel-linux-x86_64-fedora-gcc | 2.0 | 175.45 | NOTE | |||
r-devel-windows-x86_64 | 2.0 | 27.00 | 136.00 | 163.00 | OK | |
r-patched-linux-x86_64 | 2.0 | 10.52 | 111.20 | 121.72 | OK | |
r-release-linux-x86_64 | 2.0 | 14.06 | 110.48 | 124.54 | OK | |
r-release-macos-arm64 | 2.0 | 42.00 | OK | |||
r-release-macos-x86_64 | 2.0 | 80.00 | OK | |||
r-release-windows-x86_64 | 2.0 | 27.00 | 129.00 | 156.00 | OK | |
r-oldrel-macos-arm64 | 2.0 | 50.00 | OK | |||
r-oldrel-macos-x86_64 | 2.0 | 83.00 | OK | |||
r-oldrel-windows-ix86+x86_64 | 2.0 | 30.00 | 125.00 | 155.00 | OK |
Version: 2.0
Check: HTML version of manual
Result: NOTE
Found the following math rendering problems:
geeDREstimation.Rd:112: Can't use function '$' in math mode in ...ymbol U_i^{1/2}$ with $\boldsym...
geeDREstimation.Rd:120: Can't use function '$' in math mode in ...dsymbol \eta}_W$ in $\boldsymbo...
geeDREstimation.Rd:120: Can't use function '$' in math mode in ...dsymbol \eta}_B$ in $\boldsymbo...
Flavors: r-devel-linux-x86_64-debian-clang, r-devel-linux-x86_64-debian-gcc, r-devel-linux-x86_64-fedora-clang, r-devel-linux-x86_64-fedora-gcc