Last updated on 2022-08-15 08:49:52 CEST.
Flavor | Version | Tinstall | Tcheck | Ttotal | Status | Flags |
---|---|---|---|---|---|---|
r-devel-linux-x86_64-debian-clang | 0.2.0 | 8.01 | 52.26 | 60.27 | NOTE | |
r-devel-linux-x86_64-debian-gcc | 0.2.0 | 5.84 | 39.13 | 44.97 | NOTE | |
r-devel-linux-x86_64-fedora-clang | 0.2.0 | 79.31 | NOTE | |||
r-devel-linux-x86_64-fedora-gcc | 0.2.0 | 83.21 | NOTE | |||
r-devel-windows-x86_64 | 0.2.0 | 303.00 | 79.00 | 382.00 | NOTE | |
r-patched-linux-x86_64 | 0.2.0 | 9.90 | 48.68 | 58.58 | NOTE | |
r-release-linux-x86_64 | 0.2.0 | 7.57 | 48.77 | 56.34 | NOTE | |
r-release-macos-arm64 | 0.2.0 | 24.00 | NOTE | |||
r-release-macos-x86_64 | 0.2.0 | 41.00 | NOTE | |||
r-release-windows-x86_64 | 0.2.0 | 342.00 | 80.00 | 422.00 | NOTE | |
r-oldrel-macos-arm64 | 0.2.0 | 30.00 | NOTE | |||
r-oldrel-macos-x86_64 | 0.2.0 | 46.00 | NOTE | |||
r-oldrel-windows-ix86+x86_64 | 0.2.0 | 18.00 | 74.00 | 92.00 | NOTE |
Version: 0.2.0
Check: LazyData
Result: NOTE
'LazyData' is specified without a 'data' directory
Flavors: r-devel-linux-x86_64-debian-clang, r-devel-linux-x86_64-debian-gcc, r-devel-linux-x86_64-fedora-clang, r-devel-linux-x86_64-fedora-gcc, r-devel-windows-x86_64, r-patched-linux-x86_64, r-release-linux-x86_64, r-release-macos-arm64, r-release-macos-x86_64, r-release-windows-x86_64, r-oldrel-macos-arm64, r-oldrel-macos-x86_64, r-oldrel-windows-ix86+x86_64
Version: 0.2.0
Check: dependencies in R code
Result: NOTE
Namespaces in Imports field not imported from:
‘htmltools’ ‘shinydashboard’
All declared Imports should be used.
Flavors: r-devel-linux-x86_64-fedora-clang, r-devel-linux-x86_64-fedora-gcc, r-release-macos-arm64, r-release-macos-x86_64, r-oldrel-macos-arm64, r-oldrel-macos-x86_64