Last updated on 2022-08-15 08:49:52 CEST.
Flavor | Version | Tinstall | Tcheck | Ttotal | Status | Flags |
---|---|---|---|---|---|---|
r-devel-linux-x86_64-debian-clang | 0.2.1 | 22.04 | 300.09 | 322.13 | OK | |
r-devel-linux-x86_64-debian-gcc | 0.2.1 | 17.20 | 222.54 | 239.74 | OK | |
r-devel-linux-x86_64-fedora-clang | 0.2.1 | 403.43 | OK | |||
r-devel-linux-x86_64-fedora-gcc | 0.2.1 | 404.75 | OK | |||
r-devel-windows-x86_64 | 0.2.1 | 27.00 | 348.00 | 375.00 | OK | |
r-patched-linux-x86_64 | 0.2.1 | 16.57 | 300.32 | 316.89 | OK | |
r-release-linux-x86_64 | 0.2.1 | 20.25 | 292.31 | 312.56 | OK | |
r-release-macos-arm64 | 0.2.1 | 6.00 | ERROR | |||
r-release-macos-x86_64 | 0.2.1 | 169.00 | OK | |||
r-release-windows-x86_64 | 0.2.1 | 25.00 | 336.00 | 361.00 | OK | |
r-oldrel-macos-arm64 | 0.2.1 | 107.00 | OK | |||
r-oldrel-macos-x86_64 | 0.2.1 | 164.00 | OK | |||
r-oldrel-windows-ix86+x86_64 | 0.2.1 | 43.00 | 349.00 | 392.00 | OK |
Version: 0.2.1
Check: package dependencies
Result: ERROR
Package required but not available: ‘bluster’
See section ‘The DESCRIPTION file’ in the ‘Writing R Extensions’
manual.
Flavor: r-release-macos-arm64