Last updated on 2022-08-15 08:49:52 CEST.
Flavor | Version | Tinstall | Tcheck | Ttotal | Status | Flags |
---|---|---|---|---|---|---|
r-devel-linux-x86_64-debian-clang | 0.2.2 | 3.91 | 55.67 | 59.58 | OK | |
r-devel-linux-x86_64-debian-gcc | 0.2.2 | 3.14 | 42.45 | 45.59 | OK | |
r-devel-linux-x86_64-fedora-clang | 0.2.2 | 85.75 | NOTE | |||
r-devel-linux-x86_64-fedora-gcc | 0.2.2 | 84.85 | NOTE | |||
r-devel-windows-x86_64 | 0.2.2 | 37.00 | 87.00 | 124.00 | OK | |
r-patched-linux-x86_64 | 0.2.2 | 3.91 | 52.08 | 55.99 | OK | |
r-release-linux-x86_64 | 0.2.2 | 3.77 | 52.04 | 55.81 | OK | |
r-release-macos-arm64 | 0.2.2 | 34.00 | NOTE | |||
r-release-macos-x86_64 | 0.2.2 | 36.00 | NOTE | |||
r-release-windows-x86_64 | 0.2.2 | 34.00 | 110.00 | 144.00 | OK | |
r-oldrel-macos-arm64 | 0.2.2 | 24.00 | NOTE | |||
r-oldrel-macos-x86_64 | 0.2.2 | 38.00 | NOTE | |||
r-oldrel-windows-ix86+x86_64 | 0.2.2 | 9.00 | 76.00 | 85.00 | OK |
Version: 0.2.2
Check: data for non-ASCII characters
Result: NOTE
Note: found 3 marked UTF-8 strings
Flavors: r-devel-linux-x86_64-fedora-clang, r-devel-linux-x86_64-fedora-gcc, r-release-macos-arm64, r-release-macos-x86_64, r-oldrel-macos-arm64, r-oldrel-macos-x86_64
Version: 0.2.2
Check: package dependencies
Result: NOTE
Package suggested but not available for checking: ‘tidyterra’
Flavor: r-release-macos-arm64
Version: 0.2.2
Check: Rd cross-references
Result: NOTE
Package unavailable to check Rd xrefs: ‘tidyterra’
Flavor: r-release-macos-arm64