Last updated on 2022-08-15 08:49:52 CEST.
Flavor | Version | Tinstall | Tcheck | Ttotal | Status | Flags |
---|---|---|---|---|---|---|
r-devel-linux-x86_64-debian-clang | 1.1.9 | 2.94 | 28.05 | 30.99 | NOTE | |
r-devel-linux-x86_64-debian-gcc | 1.1.9 | 2.10 | 21.83 | 23.93 | NOTE | |
r-devel-linux-x86_64-fedora-clang | 1.1.9 | 47.91 | NOTE | |||
r-devel-linux-x86_64-fedora-gcc | 1.1.9 | 52.13 | NOTE | |||
r-devel-windows-x86_64 | 1.1.9 | 57.00 | 52.00 | 109.00 | NOTE | |
r-patched-linux-x86_64 | 1.1.9 | 4.47 | 26.79 | 31.26 | NOTE | |
r-release-linux-x86_64 | 1.1.9 | 2.68 | 26.84 | 29.52 | NOTE | |
r-release-macos-arm64 | 1.1.9 | 18.00 | NOTE | |||
r-release-macos-x86_64 | 1.1.9 | 23.00 | NOTE | |||
r-release-windows-x86_64 | 1.1.9 | 148.00 | 79.00 | 227.00 | NOTE | |
r-oldrel-macos-arm64 | 1.1.9 | 21.00 | NOTE | |||
r-oldrel-macos-x86_64 | 1.1.9 | 29.00 | NOTE | |||
r-oldrel-windows-ix86+x86_64 | 1.1.9 | 6.00 | 44.00 | 50.00 | OK |
Version: 1.1.9
Check: package dependencies
Result: NOTE
Package suggested but not available for checking: 'alr3'
Flavors: r-devel-linux-x86_64-debian-clang, r-devel-linux-x86_64-debian-gcc, r-devel-linux-x86_64-fedora-clang, r-devel-linux-x86_64-fedora-gcc, r-devel-windows-x86_64, r-patched-linux-x86_64, r-release-linux-x86_64, r-release-macos-arm64, r-release-macos-x86_64, r-release-windows-x86_64, r-oldrel-macos-arm64, r-oldrel-macos-x86_64