Last updated on 2022-08-15 08:49:52 CEST.
Flavor | Version | Tinstall | Tcheck | Ttotal | Status | Flags |
---|---|---|---|---|---|---|
r-devel-linux-x86_64-debian-clang | 1.3.0 | 2.95 | 58.02 | 60.97 | NOTE | |
r-devel-linux-x86_64-debian-gcc | 1.3.0 | 2.98 | 41.08 | 44.06 | NOTE | |
r-devel-linux-x86_64-fedora-clang | 1.3.0 | 81.40 | NOTE | |||
r-devel-linux-x86_64-fedora-gcc | 1.3.0 | 81.48 | NOTE | |||
r-devel-windows-x86_64 | 1.3.0 | 17.00 | 82.00 | 99.00 | NOTE | |
r-patched-linux-x86_64 | 1.3.0 | 3.71 | 53.81 | 57.52 | OK | |
r-release-linux-x86_64 | 1.3.0 | 2.94 | 53.27 | 56.21 | OK | |
r-release-macos-arm64 | 1.3.0 | 63.00 | OK | |||
r-release-macos-x86_64 | 1.3.0 | 40.00 | OK | |||
r-release-windows-x86_64 | 1.3.0 | 23.00 | 80.00 | 103.00 | OK | |
r-oldrel-macos-arm64 | 1.3.0 | 63.00 | OK | |||
r-oldrel-macos-x86_64 | 1.3.0 | 38.00 | OK | |||
r-oldrel-windows-ix86+x86_64 | 1.3.0 | 7.00 | 79.00 | 86.00 | OK |
Version: 1.3.0
Check: package subdirectories
Result: NOTE
Problems with news in 'NEWS.md':
No news entries found.
Flavors: r-devel-linux-x86_64-debian-clang, r-devel-linux-x86_64-debian-gcc, r-devel-linux-x86_64-fedora-clang, r-devel-linux-x86_64-fedora-gcc, r-devel-windows-x86_64