Last updated on 2022-08-15 08:49:53 CEST.
Flavor | Version | Tinstall | Tcheck | Ttotal | Status | Flags |
---|---|---|---|---|---|---|
r-devel-linux-x86_64-debian-clang | 1.1.5 | 4.97 | 34.64 | 39.61 | OK | |
r-devel-linux-x86_64-debian-gcc | 1.1.5 | 4.96 | 25.63 | 30.59 | OK | |
r-devel-linux-x86_64-fedora-clang | 1.1.5 | 58.99 | NOTE | |||
r-devel-linux-x86_64-fedora-gcc | 1.1.5 | 59.00 | NOTE | |||
r-devel-windows-x86_64 | 1.1.5 | 32.00 | 62.00 | 94.00 | OK | |
r-patched-linux-x86_64 | 1.1.5 | 5.85 | 32.86 | 38.71 | OK | |
r-release-linux-x86_64 | 1.1.5 | 5.72 | 33.89 | 39.61 | OK | |
r-release-macos-arm64 | 1.1.5 | 20.00 | OK | |||
r-release-macos-x86_64 | 1.1.5 | 29.00 | OK | |||
r-release-windows-x86_64 | 1.1.5 | 17.00 | 61.00 | 78.00 | OK | |
r-oldrel-macos-arm64 | 1.1.5 | 26.00 | OK | |||
r-oldrel-macos-x86_64 | 1.1.5 | 34.00 | OK | |||
r-oldrel-windows-ix86+x86_64 | 1.1.5 | 16.00 | 64.00 | 80.00 | OK |
Version: 1.1.5
Check: compiled code
Result: NOTE
File ‘ClickClust/libs/ClickClust.so’:
Found no calls to: ‘R_registerRoutines’, ‘R_useDynamicSymbols’
It is good practice to register native routines and to disable symbol
search.
See ‘Writing portable packages’ in the ‘Writing R Extensions’ manual.
Flavors: r-devel-linux-x86_64-fedora-clang, r-devel-linux-x86_64-fedora-gcc