Last updated on 2022-08-15 08:49:53 CEST.
Flavor | Version | Tinstall | Tcheck | Ttotal | Status | Flags |
---|---|---|---|---|---|---|
r-devel-linux-x86_64-debian-clang | 0.1.3 | 6.84 | 46.86 | 53.70 | OK | |
r-devel-linux-x86_64-debian-gcc | 0.1.3 | 4.91 | 35.38 | 40.29 | OK | |
r-devel-linux-x86_64-fedora-clang | 0.1.3 | 71.77 | NOTE | |||
r-devel-linux-x86_64-fedora-gcc | 0.1.3 | 71.73 | OK | |||
r-devel-windows-x86_64 | 0.1.3 | 30.00 | 79.00 | 109.00 | OK | |
r-patched-linux-x86_64 | 0.1.3 | 6.02 | 44.66 | 50.68 | OK | |
r-release-linux-x86_64 | 0.1.3 | 5.20 | 43.54 | 48.74 | OK | |
r-release-macos-arm64 | 0.1.3 | 19.00 | OK | |||
r-release-macos-x86_64 | 0.1.3 | 34.00 | OK | |||
r-release-windows-x86_64 | 0.1.3 | 55.00 | 79.00 | 134.00 | OK | |
r-oldrel-macos-arm64 | 0.1.3 | 27.00 | OK | |||
r-oldrel-macos-x86_64 | 0.1.3 | 36.00 | OK | |||
r-oldrel-windows-ix86+x86_64 | 0.1.3 | 13.00 | 71.00 | 84.00 | OK |
Version: 0.1.3
Check: Rd cross-references
Result: NOTE
Undeclared package ‘s2dv’ in Rd xrefs
Flavor: r-devel-linux-x86_64-fedora-clang