Last updated on 2022-08-15 08:49:53 CEST.
Flavor | Version | Tinstall | Tcheck | Ttotal | Status | Flags |
---|---|---|---|---|---|---|
r-devel-linux-x86_64-debian-clang | 2.1 | 2.80 | 48.52 | 51.32 | OK | |
r-devel-linux-x86_64-debian-gcc | 2.1 | 2.03 | 37.03 | 39.06 | OK | |
r-devel-linux-x86_64-fedora-clang | 2.1 | 70.69 | NOTE | |||
r-devel-linux-x86_64-fedora-gcc | 2.1 | 75.20 | NOTE | |||
r-devel-windows-x86_64 | 2.1 | 20.00 | 79.00 | 99.00 | OK | |
r-patched-linux-x86_64 | 2.1 | 2.74 | 46.46 | 49.20 | OK | |
r-release-linux-x86_64 | 2.1 | 2.10 | 47.50 | 49.60 | OK | |
r-release-macos-arm64 | 2.1 | 23.00 | NOTE | |||
r-release-macos-x86_64 | 2.1 | 33.00 | NOTE | |||
r-release-windows-x86_64 | 2.1 | 13.00 | 101.00 | 114.00 | OK | |
r-oldrel-macos-arm64 | 2.1 | 24.00 | NOTE | |||
r-oldrel-macos-x86_64 | 2.1 | 32.00 | NOTE | |||
r-oldrel-windows-ix86+x86_64 | 2.1 | 7.00 | 68.00 | 75.00 | OK |
Version: 2.1
Check: dependencies in R code
Result: NOTE
Namespaces in Imports field not imported from:
‘sp’ ‘spdep’
All declared Imports should be used.
Flavors: r-devel-linux-x86_64-fedora-clang, r-devel-linux-x86_64-fedora-gcc, r-release-macos-arm64, r-release-macos-x86_64, r-oldrel-macos-arm64, r-oldrel-macos-x86_64