Last updated on 2022-08-15 08:49:53 CEST.
Flavor | Version | Tinstall | Tcheck | Ttotal | Status | Flags |
---|---|---|---|---|---|---|
r-devel-linux-x86_64-debian-clang | 1.0.4 | 35.55 | 60.60 | 96.15 | OK | |
r-devel-linux-x86_64-debian-gcc | 1.0.4 | 35.53 | 46.55 | 82.08 | OK | |
r-devel-linux-x86_64-fedora-clang | 1.0.4 | 135.85 | NOTE | |||
r-devel-linux-x86_64-fedora-gcc | 1.0.4 | 140.87 | NOTE | |||
r-devel-windows-x86_64 | 1.0.4 | 63.00 | 107.00 | 170.00 | OK | |
r-patched-linux-x86_64 | 1.0.4 | 34.08 | 59.14 | 93.22 | OK | |
r-release-linux-x86_64 | 1.0.4 | 35.46 | 58.18 | 93.64 | OK | |
r-release-macos-arm64 | 1.0.4 | 34.00 | NOTE | |||
r-release-macos-x86_64 | 1.0.4 | 50.00 | NOTE | |||
r-release-windows-x86_64 | 1.0.4 | 60.00 | 108.00 | 168.00 | OK | |
r-oldrel-macos-arm64 | 1.0.4 | 50.00 | NOTE | |||
r-oldrel-macos-x86_64 | 1.0.4 | 71.00 | NOTE | |||
r-oldrel-windows-ix86+x86_64 | 1.0.4 | 91.00 | 164.00 | 255.00 | OK |
Version: 1.0.4
Check: compiled code
Result: NOTE
File ‘ClustMMDD/libs/ClustMMDD.so’:
Found no calls to: ‘R_registerRoutines’, ‘R_useDynamicSymbols’
It is good practice to register native routines and to disable symbol
search.
See ‘Writing portable packages’ in the ‘Writing R Extensions’ manual.
Flavors: r-devel-linux-x86_64-fedora-clang, r-devel-linux-x86_64-fedora-gcc
Version: 1.0.4
Check: installed package size
Result: NOTE
installed size is 5.5Mb
sub-directories of 1Mb or more:
libs 5.0Mb
Flavors: r-release-macos-arm64, r-release-macos-x86_64, r-oldrel-macos-arm64, r-oldrel-macos-x86_64