Last updated on 2022-08-15 08:49:53 CEST.
Flavor | Version | Tinstall | Tcheck | Ttotal | Status | Flags |
---|---|---|---|---|---|---|
r-devel-linux-x86_64-debian-clang | 0.1.0 | 3.22 | 40.86 | 44.08 | OK | |
r-devel-linux-x86_64-debian-gcc | 0.1.0 | 2.48 | 31.02 | 33.50 | OK | |
r-devel-linux-x86_64-fedora-clang | 0.1.0 | 62.84 | NOTE | |||
r-devel-linux-x86_64-fedora-gcc | 0.1.0 | 63.31 | NOTE | |||
r-devel-windows-x86_64 | 0.1.0 | 15.00 | 65.00 | 80.00 | OK | |
r-patched-linux-x86_64 | 0.1.0 | 2.93 | 39.73 | 42.66 | OK | |
r-release-linux-x86_64 | 0.1.0 | 2.99 | 38.90 | 41.89 | OK | |
r-release-macos-arm64 | 0.1.0 | 18.00 | NOTE | |||
r-release-macos-x86_64 | 0.1.0 | 35.00 | NOTE | |||
r-release-windows-x86_64 | 0.1.0 | 17.00 | 63.00 | 80.00 | OK | |
r-oldrel-macos-arm64 | 0.1.0 | 26.00 | NOTE | |||
r-oldrel-macos-x86_64 | 0.1.0 | 24.00 | NOTE | |||
r-oldrel-windows-ix86+x86_64 | 0.1.0 | 9.00 | 60.00 | 69.00 | OK |
Version: 0.1.0
Check: data for non-ASCII characters
Result: NOTE
Note: found 742 marked UTF-8 strings
Flavors: r-devel-linux-x86_64-fedora-clang, r-devel-linux-x86_64-fedora-gcc, r-release-macos-arm64, r-release-macos-x86_64, r-oldrel-macos-arm64, r-oldrel-macos-x86_64